Last updated on 2022-08-15 08:49:59 CEST.
Flavor | Version | Tinstall | Tcheck | Ttotal | Status | Flags |
---|---|---|---|---|---|---|
r-devel-linux-x86_64-debian-clang | 1.4.0 | 13.93 | 105.82 | 119.75 | NOTE | --no-vignettes |
r-devel-linux-x86_64-debian-gcc | 1.4.0 | 12.69 | 78.15 | 90.84 | NOTE | --no-vignettes |
r-devel-linux-x86_64-fedora-clang | 1.4.0 | 160.06 | NOTE | --no-vignettes | ||
r-devel-linux-x86_64-fedora-gcc | 1.4.0 | 162.06 | NOTE | --no-vignettes | ||
r-devel-windows-x86_64 | 1.4.0 | 59.00 | 120.00 | 179.00 | NOTE | --no-vignettes |
r-patched-linux-x86_64 | 1.4.0 | 15.76 | 98.04 | 113.80 | NOTE | --no-vignettes |
r-release-linux-x86_64 | 1.4.0 | 15.66 | 98.93 | 114.59 | NOTE | --no-vignettes |
r-release-macos-arm64 | 1.4.0 | 583.00 | NOTE | |||
r-release-macos-x86_64 | 1.4.0 | 1106.00 | NOTE | |||
r-release-windows-x86_64 | 1.4.0 | 64.00 | 110.00 | 174.00 | NOTE | --no-vignettes |
r-oldrel-macos-arm64 | 1.4.0 | 585.00 | NOTE | |||
r-oldrel-macos-x86_64 | 1.4.0 | 962.00 | NOTE | |||
r-oldrel-windows-ix86+x86_64 | 1.4.0 | 27.00 | 129.00 | 156.00 | NOTE | --no-vignettes |
Version: 1.4.0
Flags: --no-vignettes
Check: package dependencies
Result: NOTE
Packages suggested but not available for checking: 'gurobi', 'cplexAPI'
Flavors: r-devel-linux-x86_64-debian-clang, r-devel-linux-x86_64-debian-gcc, r-devel-linux-x86_64-fedora-clang, r-devel-linux-x86_64-fedora-gcc, r-devel-windows-x86_64, r-patched-linux-x86_64, r-release-linux-x86_64, r-release-windows-x86_64, r-oldrel-windows-ix86+x86_64
Version: 1.4.0
Check: package dependencies
Result: NOTE
Packages suggested but not available for checking: 'gurobi', 'cplexAPI'
Flavors: r-release-macos-arm64, r-release-macos-x86_64, r-oldrel-macos-arm64, r-oldrel-macos-x86_64