Last updated on 2022-08-15 08:49:59 CEST.
Flavor | Version | Tinstall | Tcheck | Ttotal | Status | Flags |
---|---|---|---|---|---|---|
r-devel-linux-x86_64-debian-clang | 0.1.0 | 22.72 | 57.56 | 80.28 | NOTE | |
r-devel-linux-x86_64-debian-gcc | 0.1.0 | 17.11 | 43.03 | 60.14 | NOTE | |
r-devel-linux-x86_64-fedora-clang | 0.1.0 | 112.47 | NOTE | |||
r-devel-linux-x86_64-fedora-gcc | 0.1.0 | 105.20 | NOTE | |||
r-devel-windows-x86_64 | 0.1.0 | 26.00 | 97.00 | 123.00 | NOTE | |
r-patched-linux-x86_64 | 0.1.0 | 20.57 | 54.01 | 74.58 | NOTE | |
r-release-linux-x86_64 | 0.1.0 | 18.97 | 55.05 | 74.02 | NOTE | |
r-release-macos-arm64 | 0.1.0 | 33.00 | NOTE | |||
r-release-macos-x86_64 | 0.1.0 | 55.00 | NOTE | |||
r-release-windows-x86_64 | 0.1.0 | 28.00 | 101.00 | 129.00 | NOTE | |
r-oldrel-macos-arm64 | 0.1.0 | 46.00 | NOTE | |||
r-oldrel-macos-x86_64 | 0.1.0 | 50.00 | NOTE | |||
r-oldrel-windows-ix86+x86_64 | 0.1.0 | 57.00 | 112.00 | 169.00 | NOTE |
Version: 0.1.0
Check: LazyData
Result: NOTE
'LazyData' is specified without a 'data' directory
Flavors: r-devel-linux-x86_64-debian-clang, r-devel-linux-x86_64-debian-gcc, r-devel-linux-x86_64-fedora-clang, r-devel-linux-x86_64-fedora-gcc, r-devel-windows-x86_64, r-patched-linux-x86_64, r-release-linux-x86_64, r-release-macos-arm64, r-release-macos-x86_64, r-release-windows-x86_64, r-oldrel-macos-arm64, r-oldrel-macos-x86_64, r-oldrel-windows-ix86+x86_64
Version: 0.1.0
Check: dependencies in R code
Result: NOTE
Namespaces in Imports field not imported from:
‘Rcpp’ ‘dplyr’ ‘magrittr’
All declared Imports should be used.
Flavors: r-devel-linux-x86_64-fedora-clang, r-devel-linux-x86_64-fedora-gcc, r-release-macos-arm64, r-release-macos-x86_64, r-oldrel-macos-arm64, r-oldrel-macos-x86_64