Last updated on 2022-08-15 08:49:59 CEST.
Flavor | Version | Tinstall | Tcheck | Ttotal | Status | Flags |
---|---|---|---|---|---|---|
r-devel-linux-x86_64-debian-clang | 0.0.4 | 5.27 | 71.05 | 76.32 | NOTE | |
r-devel-linux-x86_64-debian-gcc | 0.0.4 | 4.47 | 52.11 | 56.58 | NOTE | |
r-devel-linux-x86_64-fedora-clang | 0.0.4 | 100.02 | NOTE | |||
r-devel-linux-x86_64-fedora-gcc | 0.0.4 | 100.68 | NOTE | |||
r-devel-windows-x86_64 | 0.0.4 | 19.00 | 92.00 | 111.00 | NOTE | |
r-patched-linux-x86_64 | 0.0.4 | 5.35 | 66.05 | 71.40 | NOTE | |
r-release-linux-x86_64 | 0.0.4 | 3.58 | 67.06 | 70.64 | NOTE | |
r-release-macos-arm64 | 0.0.4 | 35.00 | NOTE | |||
r-release-macos-x86_64 | 0.0.4 | 63.00 | NOTE | |||
r-release-windows-x86_64 | 0.0.4 | 30.00 | 96.00 | 126.00 | NOTE | |
r-oldrel-macos-arm64 | 0.0.4 | 46.00 | NOTE | |||
r-oldrel-macos-x86_64 | 0.0.4 | 54.00 | NOTE | |||
r-oldrel-windows-ix86+x86_64 | 0.0.4 | 14.00 | 83.00 | 97.00 | NOTE |
Version: 0.0.4
Check: LazyData
Result: NOTE
'LazyData' is specified without a 'data' directory
Flavors: r-devel-linux-x86_64-debian-clang, r-devel-linux-x86_64-debian-gcc, r-devel-linux-x86_64-fedora-clang, r-devel-linux-x86_64-fedora-gcc, r-devel-windows-x86_64, r-patched-linux-x86_64, r-release-linux-x86_64, r-release-macos-arm64, r-release-macos-x86_64, r-release-windows-x86_64, r-oldrel-macos-arm64, r-oldrel-macos-x86_64, r-oldrel-windows-ix86+x86_64