Last updated on 2022-08-15 08:49:59 CEST.
Flavor | Version | Tinstall | Tcheck | Ttotal | Status | Flags |
---|---|---|---|---|---|---|
r-devel-linux-x86_64-debian-clang | 1.0.0 | 1.65 | 47.70 | 49.35 | OK | |
r-devel-linux-x86_64-debian-gcc | 1.0.0 | 2.05 | 34.96 | 37.01 | OK | |
r-devel-linux-x86_64-fedora-clang | 1.0.0 | 70.25 | NOTE | |||
r-devel-linux-x86_64-fedora-gcc | 1.0.0 | 71.49 | NOTE | |||
r-devel-windows-x86_64 | 1.0.0 | 12.00 | 76.00 | 88.00 | OK | |
r-patched-linux-x86_64 | 1.0.0 | 2.41 | 44.63 | 47.04 | OK | |
r-release-linux-x86_64 | 1.0.0 | 2.15 | 44.79 | 46.94 | OK | |
r-release-macos-arm64 | 1.0.0 | 30.00 | NOTE | |||
r-release-macos-x86_64 | 1.0.0 | 48.00 | NOTE | |||
r-release-windows-x86_64 | 1.0.0 | 12.00 | 78.00 | 90.00 | OK | |
r-oldrel-macos-arm64 | 1.0.0 | 30.00 | NOTE | |||
r-oldrel-macos-x86_64 | 1.0.0 | 35.00 | NOTE | |||
r-oldrel-windows-ix86+x86_64 | 1.0.0 | 7.00 | 66.00 | 73.00 | OK |
Version: 1.0.0
Check: dependencies in R code
Result: NOTE
Namespaces in Imports field not imported from:
‘RColorBrewer’ ‘ggplot2’ ‘knitr’ ‘markdown’
All declared Imports should be used.
Flavors: r-devel-linux-x86_64-fedora-clang, r-devel-linux-x86_64-fedora-gcc, r-release-macos-arm64, r-release-macos-x86_64, r-oldrel-macos-arm64, r-oldrel-macos-x86_64