Last updated on 2022-08-15 08:49:59 CEST.
Flavor | Version | Tinstall | Tcheck | Ttotal | Status | Flags |
---|---|---|---|---|---|---|
r-devel-linux-x86_64-debian-clang | 0.11 | 67.55 | 64.89 | 132.44 | OK | |
r-devel-linux-x86_64-debian-gcc | 0.11 | 58.39 | 51.59 | 109.98 | OK | |
r-devel-linux-x86_64-fedora-clang | 0.11 | 204.97 | OK | |||
r-devel-linux-x86_64-fedora-gcc | 0.11 | 195.46 | OK | |||
r-devel-windows-x86_64 | 0.11 | 79.00 | 122.00 | 201.00 | OK | |
r-patched-linux-x86_64 | 0.11 | 63.96 | 64.34 | 128.30 | OK | |
r-release-linux-x86_64 | 0.11 | 60.58 | 65.20 | 125.78 | OK | |
r-release-macos-arm64 | 0.11 | 55.00 | NOTE | |||
r-release-macos-x86_64 | 0.11 | 76.00 | NOTE | |||
r-release-windows-x86_64 | 0.11 | 80.00 | 126.00 | 206.00 | OK | |
r-oldrel-macos-arm64 | 0.11 | 56.00 | NOTE | |||
r-oldrel-macos-x86_64 | 0.11 | 116.00 | NOTE | |||
r-oldrel-windows-ix86+x86_64 | 0.11 | 175.00 | 148.00 | 323.00 | OK |
Version: 0.11
Check: installed package size
Result: NOTE
installed size is 5.7Mb
sub-directories of 1Mb or more:
libs 5.2Mb
Flavors: r-release-macos-arm64, r-release-macos-x86_64, r-oldrel-macos-arm64, r-oldrel-macos-x86_64