Last updated on 2022-08-15 08:49:59 CEST.
Flavor | Version | Tinstall | Tcheck | Ttotal | Status | Flags |
---|---|---|---|---|---|---|
r-devel-linux-x86_64-debian-clang | 1.1.1 | 249.99 | 38.19 | 288.18 | OK | |
r-devel-linux-x86_64-debian-gcc | 1.1.1 | 203.61 | 29.79 | 233.40 | OK | |
r-devel-linux-x86_64-fedora-clang | 1.1.1 | 459.78 | OK | |||
r-devel-linux-x86_64-fedora-gcc | 1.1.1 | 429.39 | OK | |||
r-devel-windows-x86_64 | 1.1.1 | 208.00 | 87.00 | 295.00 | OK | |
r-patched-linux-x86_64 | 1.1.1 | 218.96 | 36.40 | 255.36 | OK | |
r-release-linux-x86_64 | 1.1.1 | 222.82 | 36.72 | 259.54 | OK | |
r-release-macos-arm64 | 1.1.1 | 86.00 | NOTE | |||
r-release-macos-x86_64 | 1.1.1 | 120.00 | NOTE | |||
r-release-windows-x86_64 | 1.1.1 | 211.00 | 88.00 | 299.00 | OK | |
r-oldrel-macos-arm64 | 1.1.1 | 88.00 | NOTE | |||
r-oldrel-macos-x86_64 | 1.1.1 | 188.00 | NOTE | |||
r-oldrel-windows-ix86+x86_64 | 1.1.1 | 657.00 | 92.00 | 749.00 | OK |
Version: 1.1.1
Check: installed package size
Result: NOTE
installed size is 7.0Mb
sub-directories of 1Mb or more:
data 1.1Mb
libs 5.8Mb
Flavors: r-release-macos-arm64, r-release-macos-x86_64, r-oldrel-macos-arm64, r-oldrel-macos-x86_64