Last updated on 2022-08-15 08:49:59 CEST.
Flavor | Version | Tinstall | Tcheck | Ttotal | Status | Flags |
---|---|---|---|---|---|---|
r-devel-linux-x86_64-debian-clang | 1.0.1 | 7.28 | 78.18 | 85.46 | NOTE | |
r-devel-linux-x86_64-debian-gcc | 1.0.1 | 6.81 | 57.24 | 64.05 | NOTE | |
r-devel-linux-x86_64-fedora-clang | 1.0.1 | 111.61 | NOTE | |||
r-devel-linux-x86_64-fedora-gcc | 1.0.1 | 113.69 | NOTE | |||
r-devel-windows-x86_64 | 1.0.1 | 11.00 | 96.00 | 107.00 | NOTE | |
r-patched-linux-x86_64 | 1.0.1 | 9.16 | 73.72 | 82.88 | NOTE | |
r-release-linux-x86_64 | 1.0.1 | 5.96 | 73.47 | 79.43 | NOTE | |
r-release-macos-arm64 | 1.0.1 | 30.00 | NOTE | |||
r-release-macos-x86_64 | 1.0.1 | 55.00 | NOTE | |||
r-release-windows-x86_64 | 1.0.1 | 11.00 | 99.00 | 110.00 | NOTE | |
r-oldrel-macos-arm64 | 1.0.1 | 41.00 | NOTE | |||
r-oldrel-macos-x86_64 | 1.0.1 | 50.00 | NOTE | |||
r-oldrel-windows-ix86+x86_64 | 1.0.1 | 18.00 | 87.00 | 105.00 | NOTE |
Version: 1.0.1
Check: LazyData
Result: NOTE
'LazyData' is specified without a 'data' directory
Flavors: r-devel-linux-x86_64-debian-clang, r-devel-linux-x86_64-debian-gcc, r-devel-linux-x86_64-fedora-clang, r-devel-linux-x86_64-fedora-gcc, r-devel-windows-x86_64, r-patched-linux-x86_64, r-release-linux-x86_64, r-release-macos-arm64, r-release-macos-x86_64, r-release-windows-x86_64, r-oldrel-macos-arm64, r-oldrel-macos-x86_64, r-oldrel-windows-ix86+x86_64