Last updated on 2022-08-15 08:49:59 CEST.
Flavor | Version | Tinstall | Tcheck | Ttotal | Status | Flags |
---|---|---|---|---|---|---|
r-devel-linux-x86_64-debian-clang | 1.2.6 | 13.53 | 480.06 | 493.59 | NOTE | |
r-devel-linux-x86_64-debian-gcc | 1.2.6 | 10.37 | 334.57 | 344.94 | NOTE | |
r-devel-linux-x86_64-fedora-clang | 1.2.6 | 556.23 | NOTE | |||
r-devel-linux-x86_64-fedora-gcc | 1.2.6 | 584.03 | NOTE | |||
r-devel-windows-x86_64 | 1.2.6 | 99.00 | 509.00 | 608.00 | NOTE | |
r-patched-linux-x86_64 | 1.2.6 | 9.45 | 441.28 | 450.73 | OK | |
r-release-linux-x86_64 | 1.2.6 | 11.20 | 440.21 | 451.41 | OK | |
r-release-macos-arm64 | 1.2.6 | 152.00 | OK | |||
r-release-macos-x86_64 | 1.2.6 | 221.00 | OK | |||
r-release-windows-x86_64 | 1.2.6 | 124.00 | 547.00 | 671.00 | OK | |
r-oldrel-macos-arm64 | 1.2.6 | 181.00 | OK | |||
r-oldrel-macos-x86_64 | 1.2.6 | 211.00 | OK | |||
r-oldrel-windows-ix86+x86_64 | 1.2.6 | 23.00 | 557.00 | 580.00 | OK |
Version: 1.2.6
Check: package subdirectories
Result: NOTE
Problems with news in 'NEWS.md':
Cannot extract version info from the following section titles:
joineR <1.1
Flavors: r-devel-linux-x86_64-debian-clang, r-devel-linux-x86_64-debian-gcc, r-devel-linux-x86_64-fedora-clang, r-devel-linux-x86_64-fedora-gcc, r-devel-windows-x86_64