Last updated on 2022-08-15 08:49:59 CEST.
Flavor | Version | Tinstall | Tcheck | Ttotal | Status | Flags |
---|---|---|---|---|---|---|
r-devel-linux-x86_64-debian-clang | 2.1.0 | 7.50 | 48.79 | 56.29 | OK | |
r-devel-linux-x86_64-debian-gcc | 2.1.0 | 5.23 | 38.97 | 44.20 | OK | |
r-devel-linux-x86_64-fedora-clang | 2.1.0 | 76.78 | NOTE | |||
r-devel-linux-x86_64-fedora-gcc | 2.1.0 | 77.38 | NOTE | |||
r-devel-windows-x86_64 | 2.1.0 | 990.00 | 101.00 | 1091.00 | OK | |
r-patched-linux-x86_64 | 2.1.0 | 7.50 | 48.11 | 55.61 | OK | |
r-release-linux-x86_64 | 2.1.0 | 7.68 | 47.40 | 55.08 | OK | |
r-release-macos-arm64 | 2.1.0 | 26.00 | NOTE | |||
r-release-macos-x86_64 | 2.1.0 | 37.00 | NOTE | |||
r-release-windows-x86_64 | 2.1.0 | 1041.00 | 96.00 | 1137.00 | OK | |
r-oldrel-macos-arm64 | 2.1.0 | 27.00 | NOTE | |||
r-oldrel-macos-x86_64 | 2.1.0 | 35.00 | NOTE | |||
r-oldrel-windows-ix86+x86_64 | 2.1.0 | 21.00 | 72.00 | 93.00 | OK |
Version: 2.1.0
Check: installed package size
Result: NOTE
installed size is 7.3Mb
sub-directories of 1Mb or more:
examples 2.9Mb
htmlwidgets 1.5Mb
www 2.7Mb
Flavors: r-devel-linux-x86_64-fedora-clang, r-release-macos-arm64, r-release-macos-x86_64, r-oldrel-macos-arm64, r-oldrel-macos-x86_64
Version: 2.1.0
Check: data for non-ASCII characters
Result: NOTE
Note: found 17 marked UTF-8 strings
Flavors: r-devel-linux-x86_64-fedora-clang, r-devel-linux-x86_64-fedora-gcc, r-release-macos-arm64, r-release-macos-x86_64, r-oldrel-macos-arm64, r-oldrel-macos-x86_64