Last updated on 2022-08-15 08:49:59 CEST.
Flavor | Version | Tinstall | Tcheck | Ttotal | Status | Flags |
---|---|---|---|---|---|---|
r-devel-linux-x86_64-debian-clang | 1.3.1 | 36.79 | 249.32 | 286.11 | OK | |
r-devel-linux-x86_64-debian-gcc | 1.3.1 | 29.02 | 184.27 | 213.29 | OK | |
r-devel-linux-x86_64-fedora-clang | 1.3.1 | 352.54 | NOTE | |||
r-devel-linux-x86_64-fedora-gcc | 1.3.1 | 377.74 | OK | |||
r-devel-windows-x86_64 | 1.3.1 | 77.00 | 269.00 | 346.00 | OK | |
r-patched-linux-x86_64 | 1.3.1 | 39.51 | 232.30 | 271.81 | OK | |
r-release-linux-x86_64 | 1.3.1 | 32.21 | 236.08 | 268.29 | OK | |
r-release-macos-arm64 | 1.3.1 | 90.00 | OK | |||
r-release-macos-x86_64 | 1.3.1 | 123.00 | OK | |||
r-release-windows-x86_64 | 1.3.1 | 64.00 | 277.00 | 341.00 | OK | |
r-oldrel-macos-arm64 | 1.3.1 | 86.00 | OK | |||
r-oldrel-macos-x86_64 | 1.3.1 | 120.00 | OK | |||
r-oldrel-windows-ix86+x86_64 | 1.3.1 | 60.00 | 280.00 | 340.00 | OK |
Version: 1.3.1
Check: package dependencies
Result: NOTE
Imports includes 30 non-default packages.
Importing from so many packages makes the package vulnerable to any of
them becoming unavailable. Move as many as possible to Suggests and
use conditionally.
Flavor: r-devel-linux-x86_64-fedora-clang