Last updated on 2022-08-15 08:49:59 CEST.
Flavor | Version | Tinstall | Tcheck | Ttotal | Status | Flags |
---|---|---|---|---|---|---|
r-devel-linux-x86_64-debian-clang | 1.2.1 | 76.08 | 35.99 | 112.07 | OK | |
r-devel-linux-x86_64-debian-gcc | 1.2.1 | 61.14 | 28.07 | 89.21 | OK | |
r-devel-linux-x86_64-fedora-clang | 1.2.1 | 165.89 | OK | |||
r-devel-linux-x86_64-fedora-gcc | 1.2.1 | 158.73 | OK | |||
r-devel-windows-x86_64 | 1.2.1 | 72.00 | 90.00 | 162.00 | OK | |
r-patched-linux-x86_64 | 1.2.1 | 67.60 | 34.65 | 102.25 | OK | |
r-release-linux-x86_64 | 1.2.1 | 69.44 | 35.31 | 104.75 | OK | |
r-release-macos-arm64 | 1.2.1 | 44.00 | NOTE | |||
r-release-macos-x86_64 | 1.2.1 | 75.00 | NOTE | |||
r-release-windows-x86_64 | 1.2.1 | 74.00 | 91.00 | 165.00 | OK | |
r-oldrel-macos-arm64 | 1.2.1 | 52.00 | NOTE | |||
r-oldrel-macos-x86_64 | 1.2.1 | 83.00 | NOTE | |||
r-oldrel-windows-ix86+x86_64 | 1.2.1 | 178.00 | 81.00 | 259.00 | OK |
Version: 1.2.1
Check: installed package size
Result: NOTE
installed size is 5.4Mb
sub-directories of 1Mb or more:
doc 1.2Mb
libs 4.0Mb
Flavors: r-release-macos-arm64, r-release-macos-x86_64, r-oldrel-macos-arm64, r-oldrel-macos-x86_64