Last updated on 2022-08-15 08:49:59 CEST.
Flavor | Version | Tinstall | Tcheck | Ttotal | Status | Flags |
---|---|---|---|---|---|---|
r-devel-linux-x86_64-debian-clang | 0.3.3 | 8.30 | 104.16 | 112.46 | NOTE | |
r-devel-linux-x86_64-debian-gcc | 0.3.3 | 6.58 | 75.48 | 82.06 | NOTE | |
r-devel-linux-x86_64-fedora-clang | 0.3.3 | 145.12 | NOTE | |||
r-devel-linux-x86_64-fedora-gcc | 0.3.3 | 141.98 | NOTE | |||
r-devel-windows-x86_64 | 0.3.3 | 33.00 | 186.00 | 219.00 | NOTE | |
r-patched-linux-x86_64 | 0.3.3 | 9.42 | 94.61 | 104.03 | NOTE | |
r-release-linux-x86_64 | 0.3.3 | 7.00 | 95.95 | 102.95 | NOTE | |
r-release-macos-arm64 | 0.3.3 | 42.00 | NOTE | |||
r-release-macos-x86_64 | 0.3.3 | 88.00 | NOTE | |||
r-release-windows-x86_64 | 0.3.3 | 14.00 | 196.00 | 210.00 | NOTE | |
r-oldrel-macos-arm64 | 0.3.3 | 56.00 | NOTE | |||
r-oldrel-macos-x86_64 | 0.3.3 | 80.00 | NOTE | |||
r-oldrel-windows-ix86+x86_64 | 0.3.3 | 20.00 | 142.00 | 162.00 | NOTE |
Version: 0.3.3
Check: LazyData
Result: NOTE
'LazyData' is specified without a 'data' directory
Flavors: r-devel-linux-x86_64-debian-clang, r-devel-linux-x86_64-debian-gcc, r-devel-linux-x86_64-fedora-clang, r-devel-linux-x86_64-fedora-gcc, r-devel-windows-x86_64, r-patched-linux-x86_64, r-release-linux-x86_64, r-release-macos-arm64, r-release-macos-x86_64, r-release-windows-x86_64, r-oldrel-macos-arm64, r-oldrel-macos-x86_64, r-oldrel-windows-ix86+x86_64