Last updated on 2022-08-15 08:49:59 CEST.
Flavor | Version | Tinstall | Tcheck | Ttotal | Status | Flags |
---|---|---|---|---|---|---|
r-devel-linux-x86_64-debian-clang | 1.3.4 | 10.07 | 93.40 | 103.47 | NOTE | |
r-devel-linux-x86_64-debian-gcc | 1.3.4 | 6.68 | 70.77 | 77.45 | NOTE | |
r-devel-linux-x86_64-fedora-clang | 1.3.4 | 132.53 | NOTE | |||
r-devel-linux-x86_64-fedora-gcc | 1.3.4 | 130.00 | NOTE | |||
r-devel-windows-x86_64 | 1.3.4 | 86.00 | 142.00 | 228.00 | NOTE | |
r-patched-linux-x86_64 | 1.3.4 | 9.59 | 87.74 | 97.33 | NOTE | |
r-release-linux-x86_64 | 1.3.4 | 9.26 | 88.72 | 97.98 | NOTE | |
r-release-macos-arm64 | 1.3.4 | 44.00 | NOTE | |||
r-release-macos-x86_64 | 1.3.4 | 58.00 | NOTE | |||
r-release-windows-x86_64 | 1.3.4 | 81.00 | 145.00 | 226.00 | NOTE | |
r-oldrel-macos-arm64 | 1.3.4 | 45.00 | NOTE | |||
r-oldrel-macos-x86_64 | 1.3.4 | 66.00 | NOTE | |||
r-oldrel-windows-ix86+x86_64 | 1.3.4 | 19.00 | 128.00 | 147.00 | NOTE |
Version: 1.3.4
Check: LazyData
Result: NOTE
'LazyData' is specified without a 'data' directory
Flavors: r-devel-linux-x86_64-debian-clang, r-devel-linux-x86_64-debian-gcc, r-devel-linux-x86_64-fedora-clang, r-devel-linux-x86_64-fedora-gcc, r-devel-windows-x86_64, r-patched-linux-x86_64, r-release-linux-x86_64, r-release-macos-arm64, r-release-macos-x86_64, r-release-windows-x86_64, r-oldrel-macos-arm64, r-oldrel-macos-x86_64, r-oldrel-windows-ix86+x86_64