Last updated on 2022-08-15 08:49:59 CEST.
Flavor | Version | Tinstall | Tcheck | Ttotal | Status | Flags |
---|---|---|---|---|---|---|
r-devel-linux-x86_64-debian-clang | 0.0.8 | 1.97 | 39.77 | 41.74 | NOTE | |
r-devel-linux-x86_64-debian-gcc | 0.0.8 | 2.08 | 30.19 | 32.27 | NOTE | |
r-devel-linux-x86_64-fedora-clang | 0.0.8 | 63.47 | NOTE | |||
r-devel-linux-x86_64-fedora-gcc | 0.0.8 | 59.40 | NOTE | |||
r-devel-windows-x86_64 | 0.0.8 | 13.00 | 74.00 | 87.00 | NOTE | |
r-patched-linux-x86_64 | 0.0.8 | 3.03 | 36.10 | 39.13 | NOTE | |
r-release-linux-x86_64 | 0.0.8 | 2.94 | 37.00 | 39.94 | NOTE | |
r-release-macos-arm64 | 0.0.8 | 22.00 | NOTE | |||
r-release-macos-x86_64 | 0.0.8 | 30.00 | NOTE | |||
r-release-windows-x86_64 | 0.0.8 | 18.00 | 74.00 | 92.00 | NOTE | |
r-oldrel-macos-arm64 | 0.0.8 | 23.00 | NOTE | |||
r-oldrel-macos-x86_64 | 0.0.8 | 41.00 | NOTE | |||
r-oldrel-windows-ix86+x86_64 | 0.0.8 | 6.00 | 67.00 | 73.00 | NOTE |
Version: 0.0.8
Check: LazyData
Result: NOTE
'LazyData' is specified without a 'data' directory
Flavors: r-devel-linux-x86_64-debian-clang, r-devel-linux-x86_64-debian-gcc, r-devel-linux-x86_64-fedora-clang, r-devel-linux-x86_64-fedora-gcc, r-devel-windows-x86_64, r-patched-linux-x86_64, r-release-linux-x86_64, r-release-macos-arm64, r-release-macos-x86_64, r-release-windows-x86_64, r-oldrel-macos-arm64, r-oldrel-macos-x86_64, r-oldrel-windows-ix86+x86_64