Last updated on 2022-08-15 08:49:59 CEST.
Flavor | Version | Tinstall | Tcheck | Ttotal | Status | Flags |
---|---|---|---|---|---|---|
r-devel-linux-x86_64-debian-clang | 0.1.1 | 7.03 | 100.30 | 107.33 | OK | |
r-devel-linux-x86_64-debian-gcc | 0.1.1 | 5.70 | 73.28 | 78.98 | OK | |
r-devel-linux-x86_64-fedora-clang | 0.1.1 | 133.34 | NOTE | |||
r-devel-linux-x86_64-fedora-gcc | 0.1.1 | 129.78 | NOTE | |||
r-devel-windows-x86_64 | 0.1.1 | 33.00 | 128.00 | 161.00 | OK | |
r-patched-linux-x86_64 | 0.1.1 | 6.72 | 94.48 | 101.20 | OK | |
r-release-linux-x86_64 | 0.1.1 | 6.43 | 93.71 | 100.14 | OK | |
r-release-macos-arm64 | 0.1.1 | 46.00 | NOTE | |||
r-release-macos-x86_64 | 0.1.1 | 86.00 | NOTE | |||
r-release-windows-x86_64 | 0.1.1 | 35.00 | 130.00 | 165.00 | OK | |
r-oldrel-macos-arm64 | 0.1.1 | 44.00 | NOTE | |||
r-oldrel-macos-x86_64 | 0.1.1 | 68.00 | NOTE | |||
r-oldrel-windows-ix86+x86_64 | 0.1.1 | 17.00 | 117.00 | 134.00 | OK |
Version: 0.1.1
Check: dependencies in R code
Result: NOTE
Namespace in Imports field not imported from: ‘gifski’
All declared Imports should be used.
Flavors: r-devel-linux-x86_64-fedora-clang, r-devel-linux-x86_64-fedora-gcc, r-release-macos-arm64, r-release-macos-x86_64, r-oldrel-macos-arm64, r-oldrel-macos-x86_64