Last updated on 2022-08-15 08:49:59 CEST.
Flavor | Version | Tinstall | Tcheck | Ttotal | Status | Flags |
---|---|---|---|---|---|---|
r-devel-linux-x86_64-debian-clang | 1.1.0 | 9.05 | 80.10 | 89.15 | NOTE | |
r-devel-linux-x86_64-debian-gcc | 1.1.0 | 6.53 | 60.09 | 66.62 | NOTE | |
r-devel-linux-x86_64-fedora-clang | 1.1.0 | 118.70 | NOTE | |||
r-devel-linux-x86_64-fedora-gcc | 1.1.0 | 115.17 | NOTE | |||
r-devel-windows-x86_64 | 1.1.0 | 29.00 | 101.00 | 130.00 | NOTE | |
r-patched-linux-x86_64 | 1.1.0 | 14.39 | 76.05 | 90.44 | NOTE | |
r-release-linux-x86_64 | 1.1.0 | 9.37 | 77.38 | 86.75 | NOTE | |
r-release-macos-arm64 | 1.1.0 | 25.00 | NOTE | |||
r-release-macos-x86_64 | 1.1.0 | 46.00 | NOTE | |||
r-release-windows-x86_64 | 1.1.0 | 34.00 | 103.00 | 137.00 | NOTE | |
r-oldrel-macos-arm64 | 1.1.0 | 31.00 | NOTE | |||
r-oldrel-macos-x86_64 | 1.1.0 | 50.00 | NOTE | |||
r-oldrel-windows-ix86+x86_64 | 1.1.0 | 23.00 | 90.00 | 113.00 | NOTE |
Version: 1.1.0
Check: LazyData
Result: NOTE
'LazyData' is specified without a 'data' directory
Flavors: r-devel-linux-x86_64-debian-clang, r-devel-linux-x86_64-debian-gcc, r-devel-linux-x86_64-fedora-clang, r-devel-linux-x86_64-fedora-gcc, r-devel-windows-x86_64, r-patched-linux-x86_64, r-release-linux-x86_64, r-release-macos-arm64, r-release-macos-x86_64, r-release-windows-x86_64, r-oldrel-macos-arm64, r-oldrel-macos-x86_64, r-oldrel-windows-ix86+x86_64
Version: 1.1.0
Check: dependencies in R code
Result: NOTE
Namespaces in Imports field not imported from:
‘EQL’ ‘univariateML’
All declared Imports should be used.
Flavors: r-devel-linux-x86_64-fedora-clang, r-devel-linux-x86_64-fedora-gcc, r-release-macos-arm64, r-release-macos-x86_64, r-oldrel-macos-arm64, r-oldrel-macos-x86_64