Last updated on 2022-08-15 08:49:59 CEST.
Flavor | Version | Tinstall | Tcheck | Ttotal | Status | Flags |
---|---|---|---|---|---|---|
r-devel-linux-x86_64-debian-clang | 2.9.0 | 23.33 | 199.93 | 223.26 | OK | |
r-devel-linux-x86_64-debian-gcc | 2.9.0 | 18.50 | 151.20 | 169.70 | OK | |
r-devel-linux-x86_64-fedora-clang | 2.9.0 | 284.73 | OK | |||
r-devel-linux-x86_64-fedora-gcc | 2.9.0 | 257.41 | OK | |||
r-devel-windows-x86_64 | 2.9.0 | 220.00 | 245.00 | 465.00 | OK | |
r-patched-linux-x86_64 | 2.9.0 | 40.43 | 169.71 | 210.14 | OK | |
r-release-linux-x86_64 | 2.9.0 | 22.08 | 169.22 | 191.30 | OK | |
r-release-macos-arm64 | 2.9.0 | 95.00 | OK | |||
r-release-macos-x86_64 | 2.9.0 | 105.00 | OK | |||
r-release-windows-x86_64 | 2.9.0 | 219.00 | 248.00 | 467.00 | OK | |
r-oldrel-macos-arm64 | 2.9.0 | 100.00 | NOTE | |||
r-oldrel-macos-x86_64 | 2.9.0 | 117.00 | OK | |||
r-oldrel-windows-ix86+x86_64 | 2.9.0 | 50.00 | 226.00 | 276.00 | OK |
Version: 2.9.0
Check: installed package size
Result: NOTE
installed size is 5.2Mb
sub-directories of 1Mb or more:
doc 2.0Mb
help 2.3Mb
Flavor: r-oldrel-macos-arm64