Last updated on 2022-08-15 08:49:59 CEST.
Flavor | Version | Tinstall | Tcheck | Ttotal | Status | Flags |
---|---|---|---|---|---|---|
r-devel-linux-x86_64-debian-clang | 0.2.1 | 3.05 | 26.87 | 29.92 | NOTE | |
r-devel-linux-x86_64-debian-gcc | 0.2.1 | 2.29 | 21.06 | 23.35 | NOTE | |
r-devel-linux-x86_64-fedora-clang | 0.2.1 | 47.58 | NOTE | |||
r-devel-linux-x86_64-fedora-gcc | 0.2.1 | 45.53 | NOTE | |||
r-devel-windows-x86_64 | 0.2.1 | 45.00 | 52.00 | 97.00 | NOTE | |
r-patched-linux-x86_64 | 0.2.1 | 2.99 | 25.58 | 28.57 | OK | |
r-release-linux-x86_64 | 0.2.1 | 2.54 | 25.72 | 28.26 | OK | |
r-release-macos-arm64 | 0.2.1 | 18.00 | OK | |||
r-release-macos-x86_64 | 0.2.1 | 22.00 | OK | |||
r-release-windows-x86_64 | 0.2.1 | 24.00 | 52.00 | 76.00 | OK | |
r-oldrel-macos-arm64 | 0.2.1 | 22.00 | OK | |||
r-oldrel-macos-x86_64 | 0.2.1 | 30.00 | OK | |||
r-oldrel-windows-ix86+x86_64 | 0.2.1 | 7.00 | 42.00 | 49.00 | OK |
Version: 0.2.1
Check: package subdirectories
Result: NOTE
Problems with news in 'NEWS.md':
Cannot extract version info from the following section titles:
Minor Changes
Flavors: r-devel-linux-x86_64-debian-clang, r-devel-linux-x86_64-debian-gcc, r-devel-linux-x86_64-fedora-clang, r-devel-linux-x86_64-fedora-gcc, r-devel-windows-x86_64