Last updated on 2022-08-15 08:49:59 CEST.
Flavor | Version | Tinstall | Tcheck | Ttotal | Status | Flags |
---|---|---|---|---|---|---|
r-devel-linux-x86_64-debian-clang | 0.2.0 | 28.43 | 215.22 | 243.65 | OK | |
r-devel-linux-x86_64-debian-gcc | 0.2.0 | 22.91 | 161.09 | 184.00 | OK | |
r-devel-linux-x86_64-fedora-clang | 0.2.0 | 297.80 | OK | |||
r-devel-linux-x86_64-fedora-gcc | 0.2.0 | 305.76 | OK | |||
r-devel-windows-x86_64 | 0.2.0 | 36.00 | 230.00 | 266.00 | OK | |
r-patched-linux-x86_64 | 0.2.0 | 25.67 | 207.90 | 233.57 | OK | |
r-release-linux-x86_64 | 0.2.0 | 21.66 | 212.65 | 234.31 | OK | |
r-release-macos-arm64 | 0.2.0 | 76.00 | OK | |||
r-release-macos-x86_64 | 0.2.0 | 133.00 | OK | |||
r-release-windows-x86_64 | 0.2.0 | 30.00 | 236.00 | 266.00 | OK | |
r-oldrel-macos-arm64 | 0.2.0 | 53.00 | OK | |||
r-oldrel-macos-x86_64 | 0.2.0 | 97.00 | OK | |||
r-oldrel-windows-ix86+x86_64 | 0.2.0 | 13.00 | 12.00 | 25.00 | ERROR |
Version: 0.2.0
Check: whether package can be installed
Result: ERROR
Installation failed.
Flavor: r-oldrel-windows-ix86+x86_64