Last updated on 2022-08-15 08:49:59 CEST.
Flavor | Version | Tinstall | Tcheck | Ttotal | Status | Flags |
---|---|---|---|---|---|---|
r-devel-linux-x86_64-debian-clang | 0.10.2 | 17.61 | 141.54 | 159.15 | OK | |
r-devel-linux-x86_64-debian-gcc | 0.10.2 | 12.07 | 103.94 | 116.01 | OK | |
r-devel-linux-x86_64-fedora-clang | 0.10.2 | 198.94 | NOTE | |||
r-devel-linux-x86_64-fedora-gcc | 0.10.2 | 187.61 | NOTE | |||
r-devel-windows-x86_64 | 0.10.2 | 191.00 | 174.00 | 365.00 | OK | |
r-patched-linux-x86_64 | 0.10.2 | 14.56 | 132.57 | 147.13 | OK | |
r-release-linux-x86_64 | 0.10.2 | 15.64 | 133.13 | 148.77 | OK | |
r-release-macos-arm64 | 0.10.2 | 52.00 | NOTE | |||
r-release-macos-x86_64 | 0.10.2 | 89.00 | NOTE | |||
r-release-windows-x86_64 | 0.10.2 | 179.00 | 184.00 | 363.00 | OK | |
r-oldrel-macos-arm64 | 0.10.2 | 56.00 | NOTE | |||
r-oldrel-macos-x86_64 | 0.10.2 | 69.00 | NOTE | |||
r-oldrel-windows-ix86+x86_64 | 0.10.2 | 33.00 | 173.00 | 206.00 | OK |
Version: 0.10.2
Check: dependencies in R code
Result: NOTE
Namespaces in Imports field not imported from:
‘fitdistrplus’ ‘plotly’
All declared Imports should be used.
Flavors: r-devel-linux-x86_64-fedora-clang, r-devel-linux-x86_64-fedora-gcc, r-release-macos-arm64, r-release-macos-x86_64, r-oldrel-macos-arm64, r-oldrel-macos-x86_64