Last updated on 2022-08-15 08:49:59 CEST.
Flavor | Version | Tinstall | Tcheck | Ttotal | Status | Flags |
---|---|---|---|---|---|---|
r-devel-linux-x86_64-debian-clang | 0.4.0 | 6.44 | 87.52 | 93.96 | NOTE | |
r-devel-linux-x86_64-debian-gcc | 0.4.0 | 5.16 | 62.92 | 68.08 | NOTE | |
r-devel-linux-x86_64-fedora-clang | 0.4.0 | 119.94 | NOTE | |||
r-devel-linux-x86_64-fedora-gcc | 0.4.0 | 123.34 | NOTE | |||
r-devel-windows-x86_64 | 0.4.0 | 18.00 | 108.00 | 126.00 | OK | |
r-patched-linux-x86_64 | 0.4.0 | 6.03 | 78.78 | 84.81 | OK | |
r-release-linux-x86_64 | 0.4.0 | 5.85 | 80.81 | 86.66 | OK | |
r-release-macos-arm64 | 0.4.0 | 33.00 | OK | |||
r-release-macos-x86_64 | 0.4.0 | 58.00 | OK | |||
r-release-windows-x86_64 | 0.4.0 | 18.00 | 115.00 | 133.00 | OK | |
r-oldrel-macos-arm64 | 0.4.0 | 45.00 | OK | |||
r-oldrel-macos-x86_64 | 0.4.0 | 61.00 | OK | |||
r-oldrel-windows-ix86+x86_64 | 0.4.0 | 17.00 | 109.00 | 126.00 | OK |
Version: 0.4.0
Check: HTML version of manual
Result: NOTE
Found the following math rendering problems:
consensusmatrix.Rd:34-36: Undefined control sequence: \emph in\em...
Flavors: r-devel-linux-x86_64-debian-clang, r-devel-linux-x86_64-debian-gcc, r-devel-linux-x86_64-fedora-clang, r-devel-linux-x86_64-fedora-gcc