Last updated on 2022-08-15 08:49:59 CEST.
Flavor | Version | Tinstall | Tcheck | Ttotal | Status | Flags |
---|---|---|---|---|---|---|
r-devel-linux-x86_64-debian-clang | 1.1.2 | 22.93 | 50.02 | 72.95 | NOTE | |
r-devel-linux-x86_64-debian-gcc | 1.1.2 | 16.89 | 37.93 | 54.82 | NOTE | |
r-devel-linux-x86_64-fedora-clang | 1.1.2 | 105.06 | NOTE | |||
r-devel-linux-x86_64-fedora-gcc | 1.1.2 | 98.28 | NOTE | |||
r-devel-windows-x86_64 | 1.1.2 | 30.00 | 101.00 | 131.00 | NOTE | |
r-patched-linux-x86_64 | 1.1.2 | 21.71 | 46.89 | 68.60 | NOTE | |
r-release-linux-x86_64 | 1.1.2 | 19.60 | 49.68 | 69.28 | NOTE | |
r-release-macos-arm64 | 1.1.2 | 32.00 | NOTE | |||
r-release-macos-x86_64 | 1.1.2 | 40.00 | NOTE | |||
r-release-windows-x86_64 | 1.1.2 | 23.00 | 103.00 | 126.00 | NOTE | |
r-oldrel-macos-arm64 | 1.1.2 | 36.00 | NOTE | |||
r-oldrel-macos-x86_64 | 1.1.2 | 54.00 | NOTE | |||
r-oldrel-windows-ix86+x86_64 | 1.1.2 | 60.00 | 96.00 | 156.00 | NOTE |
Version: 1.1.2
Check: LazyData
Result: NOTE
'LazyData' is specified without a 'data' directory
Flavors: r-devel-linux-x86_64-debian-clang, r-devel-linux-x86_64-debian-gcc, r-devel-linux-x86_64-fedora-clang, r-devel-linux-x86_64-fedora-gcc, r-devel-windows-x86_64, r-patched-linux-x86_64, r-release-linux-x86_64, r-release-macos-arm64, r-release-macos-x86_64, r-release-windows-x86_64, r-oldrel-macos-arm64, r-oldrel-macos-x86_64, r-oldrel-windows-ix86+x86_64