Last updated on 2022-08-15 08:49:59 CEST.
Flavor | Version | Tinstall | Tcheck | Ttotal | Status | Flags |
---|---|---|---|---|---|---|
r-devel-linux-x86_64-debian-clang | 0.3.5 | 4.25 | 113.68 | 117.93 | OK | --no-vignettes |
r-devel-linux-x86_64-debian-gcc | 0.3.5 | 2.92 | 83.73 | 86.65 | OK | --no-vignettes |
r-devel-linux-x86_64-fedora-clang | 0.3.5 | 2076.29 | ERROR | |||
r-devel-linux-x86_64-fedora-gcc | 0.3.5 | 2073.16 | ERROR | |||
r-devel-windows-x86_64 | 0.3.5 | 27.00 | 175.00 | 202.00 | OK | --no-vignettes |
r-patched-linux-x86_64 | 0.3.5 | 4.14 | 109.09 | 113.23 | OK | --no-vignettes |
r-release-linux-x86_64 | 0.3.5 | 3.00 | 111.88 | 114.88 | OK | --no-vignettes |
r-release-macos-arm64 | 0.3.5 | 672.00 | OK | |||
r-release-macos-x86_64 | 0.3.5 | 1039.00 | OK | |||
r-release-windows-x86_64 | 0.3.5 | 29.00 | 170.00 | 199.00 | OK | --no-vignettes |
r-oldrel-macos-arm64 | 0.3.5 | 539.00 | OK | |||
r-oldrel-macos-x86_64 | 0.3.5 | 1030.00 | OK | |||
r-oldrel-windows-ix86+x86_64 | 0.3.5 | 9.00 | 182.00 | 191.00 | OK | --no-vignettes |
Version: 0.3.5
Check: re-building of vignette outputs
Result: ERROR
Error(s) in re-building vignettes:
--- re-building ‘advanced.Rmd’ using rmarkdown
Loading required package: Matrix
Loaded glmnet 4.1-4
--- finished re-building ‘advanced.Rmd’
--- re-building ‘fixed.Rmd’ using rmarkdown
--- finished re-building ‘fixed.Rmd’
--- re-building ‘hiv.Rmd’ using rmarkdown
Quitting from lines 40-47 (hiv.Rmd)
Error: processing vignette 'hiv.Rmd' failed with diagnostics:
'names' attribute [2] must be the same length as the vector [1]
--- failed re-building ‘hiv.Rmd’
--- re-building ‘knockoff.Rmd’ using rmarkdown
Flavors: r-devel-linux-x86_64-fedora-clang, r-devel-linux-x86_64-fedora-gcc