Last updated on 2022-08-15 08:49:59 CEST.
Flavor | Version | Tinstall | Tcheck | Ttotal | Status | Flags |
---|---|---|---|---|---|---|
r-devel-linux-x86_64-debian-clang | 1.0.1 | 16.97 | 289.47 | 306.44 | NOTE | |
r-devel-linux-x86_64-debian-gcc | 1.0.1 | 12.22 | 224.92 | 237.14 | NOTE | |
r-devel-linux-x86_64-fedora-clang | 1.0.1 | 375.48 | NOTE | |||
r-devel-linux-x86_64-fedora-gcc | 1.0.1 | 381.71 | NOTE | |||
r-devel-windows-x86_64 | 1.0.1 | 22.00 | 300.00 | 322.00 | NOTE | |
r-patched-linux-x86_64 | 1.0.1 | 19.89 | 278.81 | 298.70 | NOTE | |
r-release-linux-x86_64 | 1.0.1 | 13.79 | 288.40 | 302.19 | NOTE | |
r-release-macos-arm64 | 1.0.1 | 119.00 | NOTE | |||
r-release-macos-x86_64 | 1.0.1 | 142.00 | NOTE | |||
r-release-windows-x86_64 | 1.0.1 | 25.00 | 299.00 | 324.00 | NOTE | |
r-oldrel-macos-arm64 | 1.0.1 | 156.00 | NOTE | |||
r-oldrel-macos-x86_64 | 1.0.1 | 154.00 | NOTE | |||
r-oldrel-windows-ix86+x86_64 | 1.0.1 | 34.00 | 309.00 | 343.00 | NOTE |
Version: 1.0.1
Check: LazyData
Result: NOTE
'LazyData' is specified without a 'data' directory
Flavors: r-devel-linux-x86_64-debian-clang, r-devel-linux-x86_64-debian-gcc, r-devel-linux-x86_64-fedora-clang, r-devel-linux-x86_64-fedora-gcc, r-devel-windows-x86_64, r-patched-linux-x86_64, r-release-linux-x86_64, r-release-macos-arm64, r-release-macos-x86_64, r-release-windows-x86_64, r-oldrel-macos-arm64, r-oldrel-macos-x86_64, r-oldrel-windows-ix86+x86_64