Last updated on 2022-08-15 08:49:59 CEST.
Flavor | Version | Tinstall | Tcheck | Ttotal | Status | Flags |
---|---|---|---|---|---|---|
r-devel-linux-x86_64-debian-clang | 0.1.6 | 29.89 | 31.16 | 61.05 | NOTE | |
r-devel-linux-x86_64-debian-gcc | 0.1.6 | 26.33 | 24.05 | 50.38 | NOTE | |
r-devel-linux-x86_64-fedora-clang | 0.1.6 | 99.65 | NOTE | |||
r-devel-linux-x86_64-fedora-gcc | 0.1.6 | 94.38 | NOTE | |||
r-devel-windows-x86_64 | 0.1.6 | 34.00 | 74.00 | 108.00 | NOTE | |
r-patched-linux-x86_64 | 0.1.6 | 33.40 | 29.70 | 63.10 | NOTE | |
r-release-linux-x86_64 | 0.1.6 | 30.78 | 30.03 | 60.81 | NOTE | |
r-release-macos-arm64 | 0.1.6 | 28.00 | NOTE | |||
r-release-macos-x86_64 | 0.1.6 | 36.00 | NOTE | |||
r-release-windows-x86_64 | 0.1.6 | 39.00 | 74.00 | 113.00 | NOTE | |
r-oldrel-macos-arm64 | 0.1.6 | 29.00 | NOTE | |||
r-oldrel-macos-x86_64 | 0.1.6 | 51.00 | NOTE | |||
r-oldrel-windows-ix86+x86_64 | 0.1.6 | 86.00 | 79.00 | 165.00 | NOTE |
Version: 0.1.6
Check: LazyData
Result: NOTE
'LazyData' is specified without a 'data' directory
Flavors: r-devel-linux-x86_64-debian-clang, r-devel-linux-x86_64-debian-gcc, r-devel-linux-x86_64-fedora-clang, r-devel-linux-x86_64-fedora-gcc, r-devel-windows-x86_64, r-patched-linux-x86_64, r-release-linux-x86_64, r-release-macos-arm64, r-release-macos-x86_64, r-release-windows-x86_64, r-oldrel-macos-arm64, r-oldrel-macos-x86_64, r-oldrel-windows-ix86+x86_64