Last updated on 2022-08-15 08:49:59 CEST.
Flavor | Version | Tinstall | Tcheck | Ttotal | Status | Flags |
---|---|---|---|---|---|---|
r-devel-linux-x86_64-debian-clang | 2.1.1 | 17.81 | 28.84 | 46.65 | NOTE | |
r-devel-linux-x86_64-debian-gcc | 2.1.1 | 14.23 | 22.72 | 36.95 | NOTE | |
r-devel-linux-x86_64-fedora-clang | 2.1.1 | 75.12 | NOTE | |||
r-devel-linux-x86_64-fedora-gcc | 2.1.1 | 72.27 | NOTE | |||
r-devel-windows-x86_64 | 2.1.1 | 24.00 | 73.00 | 97.00 | NOTE | |
r-patched-linux-x86_64 | 2.1.1 | 15.16 | 28.32 | 43.48 | NOTE | |
r-release-linux-x86_64 | 2.1.1 | 13.95 | 28.88 | 42.83 | NOTE | |
r-release-macos-arm64 | 2.1.1 | 24.00 | NOTE | |||
r-release-macos-x86_64 | 2.1.1 | 34.00 | NOTE | |||
r-release-windows-x86_64 | 2.1.1 | 22.00 | 75.00 | 97.00 | NOTE | |
r-oldrel-macos-arm64 | 2.1.1 | 22.00 | NOTE | |||
r-oldrel-macos-x86_64 | 2.1.1 | 34.00 | NOTE | |||
r-oldrel-windows-ix86+x86_64 | 2.1.1 | 55.00 | 73.00 | 128.00 | NOTE |
Version: 2.1.1
Check: for GNU extensions in Makefiles
Result: NOTE
GNU make is a SystemRequirements.
Flavors: r-devel-linux-x86_64-debian-clang, r-devel-linux-x86_64-debian-gcc, r-devel-linux-x86_64-fedora-clang, r-devel-linux-x86_64-fedora-gcc, r-devel-windows-x86_64, r-patched-linux-x86_64, r-release-linux-x86_64, r-release-macos-arm64, r-release-macos-x86_64, r-release-windows-x86_64, r-oldrel-macos-arm64, r-oldrel-macos-x86_64, r-oldrel-windows-ix86+x86_64
Version: 2.1.1
Check: Rd cross-references
Result: NOTE
Undeclared package ‘gsl’ in Rd xrefs
Flavor: r-devel-linux-x86_64-fedora-clang