Last updated on 2022-08-15 08:49:59 CEST.
Flavor | Version | Tinstall | Tcheck | Ttotal | Status | Flags |
---|---|---|---|---|---|---|
r-devel-linux-x86_64-debian-clang | 1.5.4 | 160.87 | 582.31 | 743.18 | OK | |
r-devel-linux-x86_64-debian-gcc | 1.5.4 | 134.83 | 448.06 | 582.89 | OK | |
r-devel-linux-x86_64-fedora-clang | 1.5.4 | 955.09 | OK | |||
r-devel-linux-x86_64-fedora-gcc | 1.5.4 | 977.24 | OK | |||
r-devel-windows-x86_64 | 1.5.4 | 949.00 | 649.00 | 1598.00 | OK | |
r-patched-linux-x86_64 | 1.5.4 | 151.55 | 554.96 | 706.51 | OK | |
r-release-linux-x86_64 | 1.5.4 | 140.55 | 561.25 | 701.80 | OK | |
r-release-macos-arm64 | 1.5.4 | 213.00 | NOTE | |||
r-release-macos-x86_64 | 1.5.4 | 381.00 | NOTE | |||
r-release-windows-x86_64 | 1.5.4 | 702.00 | 650.00 | 1352.00 | OK | |
r-oldrel-macos-arm64 | 1.5.4 | 242.00 | NOTE | |||
r-oldrel-macos-x86_64 | 1.5.4 | 214.00 | NOTE | |||
r-oldrel-windows-ix86+x86_64 | 1.5.4 | 401.00 | 1047.00 | 1448.00 | OK |
Version: 1.5.4
Check: installed package size
Result: NOTE
installed size is 5.4Mb
sub-directories of 1Mb or more:
libs 3.7Mb
Flavors: r-release-macos-arm64, r-release-macos-x86_64, r-oldrel-macos-arm64, r-oldrel-macos-x86_64