Last updated on 2022-08-15 08:49:59 CEST.
Flavor | Version | Tinstall | Tcheck | Ttotal | Status | Flags |
---|---|---|---|---|---|---|
r-devel-linux-x86_64-debian-clang | 0.1-2 | 13.41 | 119.95 | 133.36 | OK | |
r-devel-linux-x86_64-debian-gcc | 0.1-2 | 10.71 | 86.54 | 97.25 | OK | |
r-devel-linux-x86_64-fedora-clang | 0.1-2 | 162.45 | NOTE | |||
r-devel-linux-x86_64-fedora-gcc | 0.1-2 | 164.19 | NOTE | |||
r-devel-windows-x86_64 | 0.1-2 | 17.00 | 115.00 | 132.00 | OK | |
r-patched-linux-x86_64 | 0.1-2 | 18.51 | 112.51 | 131.02 | OK | |
r-release-linux-x86_64 | 0.1-2 | 11.57 | 114.54 | 126.11 | OK | |
r-release-macos-arm64 | 0.1-2 | 43.00 | NOTE | |||
r-release-macos-x86_64 | 0.1-2 | 79.00 | NOTE | |||
r-release-windows-x86_64 | 0.1-2 | 14.00 | 116.00 | 130.00 | OK | |
r-oldrel-macos-arm64 | 0.1-2 | 68.00 | NOTE | |||
r-oldrel-macos-x86_64 | 0.1-2 | 75.00 | NOTE | |||
r-oldrel-windows-ix86+x86_64 | 0.1-2 | 25.00 | 114.00 | 139.00 | OK |
Version: 0.1-2
Check: data for non-ASCII characters
Result: NOTE
Note: found 6 marked UTF-8 strings
Flavors: r-devel-linux-x86_64-fedora-clang, r-devel-linux-x86_64-fedora-gcc, r-release-macos-arm64, r-release-macos-x86_64, r-oldrel-macos-arm64, r-oldrel-macos-x86_64