Last updated on 2022-08-15 08:49:59 CEST.
Flavor | Version | Tinstall | Tcheck | Ttotal | Status | Flags |
---|---|---|---|---|---|---|
r-devel-linux-x86_64-debian-clang | 0.20-45 | 13.60 | 165.06 | 178.66 | OK | |
r-devel-linux-x86_64-debian-gcc | 0.20-45 | 10.74 | 118.83 | 129.57 | OK | |
r-devel-linux-x86_64-fedora-clang | 0.20-45 | 224.25 | NOTE | |||
r-devel-linux-x86_64-fedora-gcc | 0.20-45 | 216.05 | OK | |||
r-devel-windows-x86_64 | 0.20-45 | 68.00 | 179.00 | 247.00 | OK | |
r-patched-linux-x86_64 | 0.20-45 | 17.75 | 152.93 | 170.68 | OK | |
r-release-linux-x86_64 | 0.20-45 | 13.23 | 151.35 | 164.58 | OK | |
r-release-macos-arm64 | 0.20-45 | 54.00 | OK | |||
r-release-macos-x86_64 | 0.20-45 | 80.00 | OK | |||
r-release-windows-x86_64 | 0.20-45 | 92.00 | 174.00 | 266.00 | OK | |
r-oldrel-macos-arm64 | 0.20-45 | 59.00 | OK | |||
r-oldrel-macos-x86_64 | 0.20-45 | 97.00 | OK | |||
r-oldrel-windows-ix86+x86_64 | 0.20-45 | 33.00 | 236.00 | 269.00 | OK |
Version: 0.20-45
Check: Rd cross-references
Result: NOTE
Undeclared package ‘zoo’ in Rd xrefs
Flavor: r-devel-linux-x86_64-fedora-clang