Last updated on 2022-08-15 08:49:59 CEST.
Flavor | Version | Tinstall | Tcheck | Ttotal | Status | Flags |
---|---|---|---|---|---|---|
r-devel-linux-x86_64-debian-clang | 0.6-30 | 8.27 | 99.58 | 107.85 | OK | |
r-devel-linux-x86_64-debian-gcc | 0.6-30 | 6.97 | 73.07 | 80.04 | OK | |
r-devel-linux-x86_64-fedora-clang | 0.6-30 | 134.76 | NOTE | |||
r-devel-linux-x86_64-fedora-gcc | 0.6-30 | 132.65 | OK | |||
r-devel-windows-x86_64 | 0.6-30 | 86.00 | 123.00 | 209.00 | OK | |
r-patched-linux-x86_64 | 0.6-30 | 10.31 | 93.29 | 103.60 | OK | |
r-release-linux-x86_64 | 0.6-30 | 6.72 | 91.77 | 98.49 | OK | |
r-release-macos-arm64 | 0.6-30 | 40.00 | OK | |||
r-release-macos-x86_64 | 0.6-30 | 54.00 | OK | |||
r-release-windows-x86_64 | 0.6-30 | 80.00 | 125.00 | 205.00 | OK | |
r-oldrel-macos-arm64 | 0.6-30 | 41.00 | OK | |||
r-oldrel-macos-x86_64 | 0.6-30 | 52.00 | OK | |||
r-oldrel-windows-ix86+x86_64 | 0.6-30 | 16.00 | 120.00 | 136.00 | OK |
Version: 0.6-30
Check: Rd cross-references
Result: NOTE
Undeclared package ‘ggplot2’ in Rd xrefs
Flavor: r-devel-linux-x86_64-fedora-clang