Last updated on 2022-08-15 08:49:59 CEST.
Flavor | Version | Tinstall | Tcheck | Ttotal | Status | Flags |
---|---|---|---|---|---|---|
r-devel-linux-x86_64-debian-clang | 1.6.10 | 39.85 | 424.53 | 464.38 | NOTE | |
r-devel-linux-x86_64-debian-gcc | 1.6.10 | 32.72 | 298.03 | 330.75 | NOTE | |
r-devel-linux-x86_64-fedora-clang | 1.6.10 | 542.03 | NOTE | |||
r-devel-linux-x86_64-fedora-gcc | 1.6.10 | 589.85 | NOTE | |||
r-devel-windows-x86_64 | 1.6.10 | 127.00 | 437.00 | 564.00 | NOTE | |
r-patched-linux-x86_64 | 1.6.10 | 45.47 | 392.73 | 438.20 | NOTE | |
r-release-linux-x86_64 | 1.6.10 | 33.23 | 394.66 | 427.89 | NOTE | |
r-release-macos-arm64 | 1.6.10 | 125.00 | NOTE | |||
r-release-macos-x86_64 | 1.6.10 | 180.00 | NOTE | |||
r-release-windows-x86_64 | 1.6.10 | 160.00 | 462.00 | 622.00 | NOTE | |
r-oldrel-macos-arm64 | 1.6.10 | 216.00 | NOTE | |||
r-oldrel-macos-x86_64 | 1.6.10 | 169.00 | NOTE | |||
r-oldrel-windows-ix86+x86_64 | 1.6.10 | 67.00 | 448.00 | 515.00 | OK |
Version: 1.6.10
Check: package dependencies
Result: NOTE
Packages suggested but not available for checking: 'gof', 'lava.tobit'
Flavors: r-devel-linux-x86_64-debian-clang, r-devel-linux-x86_64-debian-gcc, r-devel-linux-x86_64-fedora-clang, r-devel-linux-x86_64-fedora-gcc, r-devel-windows-x86_64, r-patched-linux-x86_64, r-release-linux-x86_64, r-release-macos-x86_64, r-release-windows-x86_64, r-oldrel-macos-arm64, r-oldrel-macos-x86_64
Version: 1.6.10
Check: Rd files
Result: NOTE
checkRd: (-1) Col.Rd:17: Escaped LaTeX specials: \#
checkRd: (-1) regression-set.Rd:103: Escaped LaTeX specials: \$
Flavors: r-devel-linux-x86_64-debian-clang, r-devel-linux-x86_64-debian-gcc, r-devel-linux-x86_64-fedora-clang, r-devel-linux-x86_64-fedora-gcc, r-devel-windows-x86_64
Version: 1.6.10
Check: package dependencies
Result: NOTE
Packages suggested but not available for checking:
'Rgraphviz', 'gof', 'graph', 'lava.tobit'
Flavor: r-release-macos-arm64
Version: 1.6.10
Check: installed package size
Result: NOTE
installed size is 5.1Mb
sub-directories of 1Mb or more:
R 2.1Mb
doc 2.1Mb
Flavor: r-oldrel-macos-arm64