Last updated on 2022-08-15 08:49:59 CEST.
Flavor | Version | Tinstall | Tcheck | Ttotal | Status | Flags |
---|---|---|---|---|---|---|
r-devel-linux-x86_64-debian-clang | 3.4 | 7.89 | 55.37 | 63.26 | NOTE | |
r-devel-linux-x86_64-debian-gcc | 3.4 | 4.59 | 42.73 | 47.32 | NOTE | |
r-devel-linux-x86_64-fedora-clang | 3.4 | 85.49 | NOTE | |||
r-devel-linux-x86_64-fedora-gcc | 3.4 | 87.94 | NOTE | |||
r-devel-windows-x86_64 | 3.4 | 23.00 | 79.00 | 102.00 | OK | |
r-patched-linux-x86_64 | 3.4 | 6.29 | 52.64 | 58.93 | OK | |
r-release-linux-x86_64 | 3.4 | 7.18 | 53.18 | 60.36 | OK | |
r-release-macos-arm64 | 3.4 | 24.00 | OK | |||
r-release-macos-x86_64 | 3.4 | 37.00 | OK | |||
r-release-windows-x86_64 | 3.4 | 24.00 | 78.00 | 102.00 | OK | |
r-oldrel-macos-arm64 | 3.4 | 30.00 | OK | |||
r-oldrel-macos-x86_64 | 3.4 | 48.00 | OK | |||
r-oldrel-windows-ix86+x86_64 | 3.4 | 12.00 | 75.00 | 87.00 | OK |
Version: 3.4
Check: HTML version of manual
Result: NOTE
Found the following HTML validation problems:
gini.index.html:82:1: Warning: nested emphasis <em>
Flavors: r-devel-linux-x86_64-debian-clang, r-devel-linux-x86_64-debian-gcc, r-devel-linux-x86_64-fedora-clang, r-devel-linux-x86_64-fedora-gcc
Version: 3.4
Check: Rd cross-references
Result: NOTE
Undeclared packages ‘VGAM’, ‘tseries’ in Rd xrefs
Flavor: r-devel-linux-x86_64-fedora-clang