Last updated on 2022-08-15 08:49:59 CEST.
Flavor | Version | Tinstall | Tcheck | Ttotal | Status | Flags |
---|---|---|---|---|---|---|
r-devel-linux-x86_64-debian-clang | 1.1.0 | 1.79 | 22.73 | 24.52 | NOTE | |
r-devel-linux-x86_64-debian-gcc | 1.1.0 | 1.44 | 18.03 | 19.47 | NOTE | |
r-devel-linux-x86_64-fedora-clang | 1.1.0 | 41.11 | OK | |||
r-devel-linux-x86_64-fedora-gcc | 1.1.0 | 39.90 | OK | |||
r-devel-windows-x86_64 | 1.1.0 | 9.00 | 47.00 | 56.00 | OK | |
r-patched-linux-x86_64 | 1.1.0 | 1.76 | 22.75 | 24.51 | NOTE | |
r-release-linux-x86_64 | 1.1.0 | 1.71 | 23.02 | 24.73 | NOTE | |
r-release-macos-arm64 | 1.1.0 | 16.00 | OK | |||
r-release-macos-x86_64 | 1.1.0 | 22.00 | OK | |||
r-release-windows-x86_64 | 1.1.0 | 10.00 | 46.00 | 56.00 | OK | |
r-oldrel-macos-arm64 | 1.1.0 | 20.00 | OK | |||
r-oldrel-macos-x86_64 | 1.1.0 | 25.00 | OK | |||
r-oldrel-windows-ix86+x86_64 | 1.1.0 | 4.00 | 46.00 | 50.00 | OK |
Version: 1.1.0
Check: R code for possible problems
Result: NOTE
Found the following calls to attach():
File 'lazyData/R/requireData.R':
attach(NULL, pos = pos, name = searchDataName)
See section 'Good practice' in '?attach'.
Flavors: r-devel-linux-x86_64-debian-clang, r-devel-linux-x86_64-debian-gcc, r-patched-linux-x86_64, r-release-linux-x86_64