Last updated on 2022-08-15 08:49:59 CEST.
Flavor | Version | Tinstall | Tcheck | Ttotal | Status | Flags |
---|---|---|---|---|---|---|
r-devel-linux-x86_64-debian-clang | 0.3.7 | 6.34 | 60.61 | 66.95 | NOTE | |
r-devel-linux-x86_64-debian-gcc | 0.3.7 | 3.74 | 46.38 | 50.12 | NOTE | |
r-devel-linux-x86_64-fedora-clang | 0.3.7 | 90.91 | NOTE | |||
r-devel-linux-x86_64-fedora-gcc | 0.3.7 | 88.91 | NOTE | |||
r-devel-windows-x86_64 | 0.3.7 | 25.00 | 89.00 | 114.00 | NOTE | |
r-patched-linux-x86_64 | 0.3.7 | 4.98 | 56.60 | 61.58 | OK | |
r-release-linux-x86_64 | 0.3.7 | 5.40 | 57.03 | 62.43 | OK | |
r-release-macos-arm64 | 0.3.7 | 28.00 | OK | |||
r-release-macos-x86_64 | 0.3.7 | 60.00 | OK | |||
r-release-windows-x86_64 | 0.3.7 | 10.00 | 89.00 | 99.00 | OK | |
r-oldrel-macos-arm64 | 0.3.7 | 36.00 | OK | |||
r-oldrel-macos-x86_64 | 0.3.7 | 40.00 | OK | |||
r-oldrel-windows-ix86+x86_64 | 0.3.7 | 14.00 | 82.00 | 96.00 | OK |
Version: 0.3.7
Check: package subdirectories
Result: NOTE
Problems with news in 'NEWS.md':
Cannot extract version info from the following section titles:
lcars.0.3.1
Flavors: r-devel-linux-x86_64-debian-clang, r-devel-linux-x86_64-debian-gcc, r-devel-linux-x86_64-fedora-clang, r-devel-linux-x86_64-fedora-gcc, r-devel-windows-x86_64