Last updated on 2022-08-15 08:49:59 CEST.
Flavor | Version | Tinstall | Tcheck | Ttotal | Status | Flags |
---|---|---|---|---|---|---|
r-devel-linux-x86_64-debian-clang | 1.4.2 | 3.75 | 45.80 | 49.55 | OK | |
r-devel-linux-x86_64-debian-gcc | 1.4.2 | 4.01 | 36.53 | 40.54 | OK | |
r-devel-linux-x86_64-fedora-clang | 1.4.2 | 72.53 | NOTE | |||
r-devel-linux-x86_64-fedora-gcc | 1.4.2 | 70.41 | NOTE | |||
r-devel-windows-x86_64 | 1.4.2 | 23.00 | 79.00 | 102.00 | OK | |
r-patched-linux-x86_64 | 1.4.2 | 5.14 | 43.14 | 48.28 | OK | |
r-release-linux-x86_64 | 1.4.2 | 4.26 | 43.23 | 47.49 | OK | |
r-release-macos-arm64 | 1.4.2 | 26.00 | OK | |||
r-release-macos-x86_64 | 1.4.2 | 34.00 | OK | |||
r-release-windows-x86_64 | 1.4.2 | 24.00 | 79.00 | 103.00 | OK | |
r-oldrel-macos-arm64 | 1.4.2 | 29.00 | OK | |||
r-oldrel-macos-x86_64 | 1.4.2 | 50.00 | OK | |||
r-oldrel-windows-ix86+x86_64 | 1.4.2 | 12.00 | 83.00 | 95.00 | OK |
Version: 1.4.2
Check: compiled code
Result: NOTE
File ‘lda/libs/lda.so’:
Found no calls to: ‘R_registerRoutines’, ‘R_useDynamicSymbols’
It is good practice to register native routines and to disable symbol
search.
See ‘Writing portable packages’ in the ‘Writing R Extensions’ manual.
Flavors: r-devel-linux-x86_64-fedora-clang, r-devel-linux-x86_64-fedora-gcc