Last updated on 2022-08-15 08:49:59 CEST.
Flavor | Version | Tinstall | Tcheck | Ttotal | Status | Flags |
---|---|---|---|---|---|---|
r-devel-linux-x86_64-debian-clang | 1.0.2 | 6.51 | 75.92 | 82.43 | NOTE | |
r-devel-linux-x86_64-debian-gcc | 1.0.2 | 4.70 | 56.23 | 60.93 | NOTE | |
r-devel-linux-x86_64-fedora-clang | 1.0.2 | 107.56 | NOTE | |||
r-devel-linux-x86_64-fedora-gcc | 1.0.2 | 105.41 | NOTE | |||
r-devel-windows-x86_64 | 1.0.2 | 16.00 | 111.00 | 127.00 | NOTE | |
r-patched-linux-x86_64 | 1.0.2 | 12.92 | 70.04 | 82.96 | NOTE | |
r-release-linux-x86_64 | 1.0.2 | 5.54 | 70.23 | 75.77 | NOTE | |
r-release-macos-arm64 | 1.0.2 | 35.00 | NOTE | |||
r-release-macos-x86_64 | 1.0.2 | 66.00 | NOTE | |||
r-release-windows-x86_64 | 1.0.2 | 20.00 | 110.00 | 130.00 | NOTE | |
r-oldrel-macos-arm64 | 1.0.2 | 49.00 | NOTE | |||
r-oldrel-macos-x86_64 | 1.0.2 | 61.00 | NOTE | |||
r-oldrel-windows-ix86+x86_64 | 1.0.2 | 17.00 | 107.00 | 124.00 | NOTE |
Version: 1.0.2
Check: LazyData
Result: NOTE
'LazyData' is specified without a 'data' directory
Flavors: r-devel-linux-x86_64-debian-clang, r-devel-linux-x86_64-debian-gcc, r-devel-linux-x86_64-fedora-clang, r-devel-linux-x86_64-fedora-gcc, r-devel-windows-x86_64, r-patched-linux-x86_64, r-release-linux-x86_64, r-release-macos-arm64, r-release-macos-x86_64, r-release-windows-x86_64, r-oldrel-macos-arm64, r-oldrel-macos-x86_64, r-oldrel-windows-ix86+x86_64
Version: 1.0.2
Check: Rd cross-references
Result: NOTE
Undeclared package ‘tm’ in Rd xrefs
Flavor: r-devel-linux-x86_64-fedora-clang