Last updated on 2022-08-15 08:49:59 CEST.
Flavor | Version | Tinstall | Tcheck | Ttotal | Status | Flags |
---|---|---|---|---|---|---|
r-devel-linux-x86_64-debian-clang | 0.1.0 | 47.83 | 139.21 | 187.04 | OK | |
r-devel-linux-x86_64-debian-gcc | 0.1.0 | 37.86 | 99.16 | 137.02 | OK | |
r-devel-linux-x86_64-fedora-clang | 0.1.0 | 243.66 | NOTE | |||
r-devel-linux-x86_64-fedora-gcc | 0.1.0 | 240.28 | NOTE | |||
r-devel-windows-x86_64 | 0.1.0 | 94.00 | 222.00 | 316.00 | OK | |
r-patched-linux-x86_64 | 0.1.0 | 42.91 | 134.64 | 177.55 | OK | |
r-release-linux-x86_64 | 0.1.0 | 39.03 | 130.84 | 169.87 | OK | |
r-release-macos-arm64 | 0.1.0 | 67.00 | NOTE | |||
r-release-macos-x86_64 | 0.1.0 | 136.00 | NOTE | |||
r-release-windows-x86_64 | 0.1.0 | 53.00 | 211.00 | 264.00 | OK | |
r-oldrel-macos-arm64 | 0.1.0 | 76.00 | NOTE | |||
r-oldrel-macos-x86_64 | 0.1.0 | 92.00 | NOTE | |||
r-oldrel-windows-ix86+x86_64 | 0.1.0 | 107.00 | 226.00 | 333.00 | OK |
Version: 0.1.0
Check: dependencies in R code
Result: NOTE
Namespaces in Imports field not imported from:
‘RColorBrewer’ ‘RcppProgress’ ‘rgen’
All declared Imports should be used.
Flavors: r-devel-linux-x86_64-fedora-clang, r-devel-linux-x86_64-fedora-gcc, r-release-macos-arm64, r-release-macos-x86_64, r-oldrel-macos-arm64, r-oldrel-macos-x86_64