Last updated on 2022-08-15 08:49:59 CEST.
Flavor | Version | Tinstall | Tcheck | Ttotal | Status | Flags |
---|---|---|---|---|---|---|
r-devel-linux-x86_64-debian-clang | 0.3.5 | 30.38 | 309.22 | 339.60 | NOTE | |
r-devel-linux-x86_64-debian-gcc | 0.3.5 | 25.27 | 228.15 | 253.42 | NOTE | |
r-devel-linux-x86_64-fedora-clang | 0.3.5 | 400.85 | NOTE | |||
r-devel-linux-x86_64-fedora-gcc | 0.3.5 | 416.69 | NOTE | |||
r-devel-windows-x86_64 | 0.3.5 | 30.00 | 299.00 | 329.00 | NOTE | |
r-patched-linux-x86_64 | 0.3.5 | 29.52 | 297.09 | 326.61 | OK | |
r-release-linux-x86_64 | 0.3.5 | 27.00 | 297.64 | 324.64 | OK | |
r-release-macos-arm64 | 0.3.5 | 62.00 | OK | |||
r-release-macos-x86_64 | 0.3.5 | 167.00 | OK | |||
r-release-windows-x86_64 | 0.3.5 | 30.00 | 294.00 | 324.00 | OK | |
r-oldrel-macos-arm64 | 0.3.5 | 48.00 | OK | |||
r-oldrel-macos-x86_64 | 0.3.5 | 55.00 | OK | |||
r-oldrel-windows-ix86+x86_64 | 0.3.5 | 67.00 | 291.00 | 358.00 | OK |
Version: 0.3.5
Check: package subdirectories
Result: NOTE
Problems with news in 'NEWS.md':
Cannot extract version info from the following section titles:
light.interception.voxels() - This function create the Fraction absorbed incident light
light.interception.raster() - Create a raster of Fraction absorbed incident light
light.incident.voxels() - This function create the Fraction incident light
light.incident.raster() - Create a raster of the Fraction incident light
Flavors: r-devel-linux-x86_64-debian-clang, r-devel-linux-x86_64-debian-gcc, r-devel-linux-x86_64-fedora-clang, r-devel-linux-x86_64-fedora-gcc, r-devel-windows-x86_64