Last updated on 2022-08-15 08:49:59 CEST.
Flavor | Version | Tinstall | Tcheck | Ttotal | Status | Flags |
---|---|---|---|---|---|---|
r-devel-linux-x86_64-debian-clang | 3.1 | 3.74 | 26.22 | 29.96 | NOTE | |
r-devel-linux-x86_64-debian-gcc | 3.1 | 3.43 | 20.07 | 23.50 | NOTE | |
r-devel-linux-x86_64-fedora-clang | 3.1 | 48.37 | NOTE | |||
r-devel-linux-x86_64-fedora-gcc | 3.1 | 48.66 | NOTE | |||
r-devel-windows-x86_64 | 3.1 | 12.00 | 58.00 | 70.00 | NOTE | |
r-patched-linux-x86_64 | 3.1 | 4.59 | 25.84 | 30.43 | OK | |
r-release-linux-x86_64 | 3.1 | 4.24 | 25.65 | 29.89 | OK | |
r-release-macos-arm64 | 3.1 | 18.00 | OK | |||
r-release-macos-x86_64 | 3.1 | 25.00 | OK | |||
r-release-windows-x86_64 | 3.1 | 16.00 | 50.00 | 66.00 | OK | |
r-oldrel-macos-arm64 | 3.1 | 22.00 | OK | |||
r-oldrel-macos-x86_64 | 3.1 | 32.00 | OK | |||
r-oldrel-windows-ix86+x86_64 | 3.1 | 18.00 | 56.00 | 74.00 | OK |
Version: 3.1
Check: Rd files
Result: NOTE
checkRd: (-1) leaps.Rd:38: Escaped LaTeX specials: \&
Flavors: r-devel-linux-x86_64-debian-clang, r-devel-linux-x86_64-debian-gcc, r-devel-linux-x86_64-fedora-clang, r-devel-linux-x86_64-fedora-gcc, r-devel-windows-x86_64
Version: 3.1
Check: compiled code
Result: NOTE
File ‘leaps/libs/leaps.so’:
Found no calls to: ‘R_registerRoutines’, ‘R_useDynamicSymbols’
It is good practice to register native routines and to disable symbol
search.
See ‘Writing portable packages’ in the ‘Writing R Extensions’ manual.
Flavors: r-devel-linux-x86_64-fedora-clang, r-devel-linux-x86_64-fedora-gcc