Last updated on 2022-08-15 08:49:59 CEST.
Flavor | Version | Tinstall | Tcheck | Ttotal | Status | Flags |
---|---|---|---|---|---|---|
r-devel-linux-x86_64-debian-clang | 0.29.1 | 1.92 | 24.31 | 26.23 | OK | |
r-devel-linux-x86_64-debian-gcc | 0.29.1 | 1.79 | 18.80 | 20.59 | OK | |
r-devel-linux-x86_64-fedora-clang | 0.29.1 | 43.12 | NOTE | |||
r-devel-linux-x86_64-fedora-gcc | 0.29.1 | 42.93 | NOTE | |||
r-devel-windows-x86_64 | 0.29.1 | 65.00 | 57.00 | 122.00 | OK | |
r-patched-linux-x86_64 | 0.29.1 | 2.79 | 23.51 | 26.30 | OK | |
r-release-linux-x86_64 | 0.29.1 | 1.83 | 23.32 | 25.15 | OK | |
r-release-macos-arm64 | 0.29.1 | 18.00 | NOTE | |||
r-release-macos-x86_64 | 0.29.1 | 21.00 | NOTE | |||
r-release-windows-x86_64 | 0.29.1 | 43.00 | 47.00 | 90.00 | OK | |
r-oldrel-macos-arm64 | 0.29.1 | 16.00 | NOTE | |||
r-oldrel-macos-x86_64 | 0.29.1 | 25.00 | NOTE | |||
r-oldrel-windows-ix86+x86_64 | 0.29.1 | 5.00 | 38.00 | 43.00 | OK |
Version: 0.29.1
Check: Rd cross-references
Result: NOTE
Undeclared package ‘pracma’ in Rd xrefs
Flavor: r-devel-linux-x86_64-fedora-clang
Version: 0.29.1
Check: data for non-ASCII characters
Result: NOTE
Note: found 78 marked UTF-8 strings
Flavors: r-devel-linux-x86_64-fedora-clang, r-devel-linux-x86_64-fedora-gcc, r-release-macos-arm64, r-release-macos-x86_64, r-oldrel-macos-arm64, r-oldrel-macos-x86_64