Last updated on 2022-08-15 08:49:59 CEST.
Flavor | Version | Tinstall | Tcheck | Ttotal | Status | Flags |
---|---|---|---|---|---|---|
r-devel-linux-x86_64-debian-clang | 1.0.0 | 5.14 | 108.76 | 113.90 | OK | |
r-devel-linux-x86_64-debian-gcc | 1.0.0 | 2.73 | 83.12 | 85.85 | OK | |
r-devel-linux-x86_64-fedora-clang | 1.0.0 | 145.04 | NOTE | |||
r-devel-linux-x86_64-fedora-gcc | 1.0.0 | 145.12 | NOTE | |||
r-devel-windows-x86_64 | 1.0.0 | 17.00 | 142.00 | 159.00 | OK | |
r-patched-linux-x86_64 | 1.0.0 | 5.08 | 101.79 | 106.87 | OK | |
r-release-linux-x86_64 | 1.0.0 | 5.11 | 102.28 | 107.39 | OK | |
r-release-macos-arm64 | 1.0.0 | 52.00 | NOTE | |||
r-release-macos-x86_64 | 1.0.0 | 89.00 | NOTE | |||
r-release-windows-x86_64 | 1.0.0 | 27.00 | 141.00 | 168.00 | OK | |
r-oldrel-macos-arm64 | 1.0.0 | 102.00 | NOTE | |||
r-oldrel-macos-x86_64 | 1.0.0 | 68.00 | NOTE | |||
r-oldrel-windows-ix86+x86_64 | 1.0.0 | 13.00 | 146.00 | 159.00 | OK |
Version: 1.0.0
Check: data for non-ASCII characters
Result: NOTE
Note: found 1 marked UTF-8 string
Flavors: r-devel-linux-x86_64-fedora-clang, r-devel-linux-x86_64-fedora-gcc, r-release-macos-arm64, r-release-macos-x86_64, r-oldrel-macos-arm64, r-oldrel-macos-x86_64