Last updated on 2022-08-15 08:49:59 CEST.
Flavor | Version | Tinstall | Tcheck | Ttotal | Status | Flags |
---|---|---|---|---|---|---|
r-devel-linux-x86_64-debian-clang | 0.1.4 | 10.36 | 82.30 | 92.66 | OK | |
r-devel-linux-x86_64-debian-gcc | 0.1.4 | 7.80 | 60.56 | 68.36 | OK | |
r-devel-linux-x86_64-fedora-clang | 0.1.4 | 114.46 | NOTE | |||
r-devel-linux-x86_64-fedora-gcc | 0.1.4 | 117.59 | NOTE | |||
r-devel-windows-x86_64 | 0.1.4 | 66.00 | 203.00 | 269.00 | OK | |
r-patched-linux-x86_64 | 0.1.4 | 11.89 | 75.05 | 86.94 | OK | |
r-release-linux-x86_64 | 0.1.4 | 7.79 | 76.35 | 84.14 | OK | |
r-release-macos-arm64 | 0.1.4 | 113.00 | NOTE | |||
r-release-macos-x86_64 | 0.1.4 | 145.00 | NOTE | |||
r-release-windows-x86_64 | 0.1.4 | 102.00 | 208.00 | 310.00 | OK | |
r-oldrel-macos-arm64 | 0.1.4 | 121.00 | NOTE | |||
r-oldrel-macos-x86_64 | 0.1.4 | 135.00 | NOTE | |||
r-oldrel-windows-ix86+x86_64 | 0.1.4 | 20.00 | 195.00 | 215.00 | OK |
Version: 0.1.4
Check: data for non-ASCII characters
Result: NOTE
Note: found 51 marked UTF-8 strings
Flavors: r-devel-linux-x86_64-fedora-clang, r-devel-linux-x86_64-fedora-gcc, r-release-macos-arm64, r-release-macos-x86_64, r-oldrel-macos-arm64, r-oldrel-macos-x86_64