Last updated on 2022-08-15 08:49:59 CEST.
Flavor | Version | Tinstall | Tcheck | Ttotal | Status | Flags |
---|---|---|---|---|---|---|
r-devel-linux-x86_64-debian-clang | 1.0 | 4.43 | 54.83 | 59.26 | NOTE | |
r-devel-linux-x86_64-debian-gcc | 1.0 | 4.11 | 40.90 | 45.01 | NOTE | |
r-devel-linux-x86_64-fedora-clang | 1.0 | 80.67 | NOTE | |||
r-devel-linux-x86_64-fedora-gcc | 1.0 | 83.17 | NOTE | |||
r-devel-windows-x86_64 | 1.0 | 17.00 | 80.00 | 97.00 | NOTE | |
r-patched-linux-x86_64 | 1.0 | 4.78 | 50.35 | 55.13 | NOTE | |
r-release-linux-x86_64 | 1.0 | 5.36 | 50.94 | 56.30 | NOTE | |
r-release-macos-arm64 | 1.0 | 24.00 | NOTE | |||
r-release-macos-x86_64 | 1.0 | 45.00 | NOTE | |||
r-release-windows-x86_64 | 1.0 | 18.00 | 77.00 | 95.00 | NOTE | |
r-oldrel-macos-arm64 | 1.0 | 32.00 | NOTE | |||
r-oldrel-macos-x86_64 | 1.0 | 43.00 | NOTE | |||
r-oldrel-windows-ix86+x86_64 | 1.0 | 14.00 | 70.00 | 84.00 | NOTE |
Version: 1.0
Check: LazyData
Result: NOTE
'LazyData' is specified without a 'data' directory
Flavors: r-devel-linux-x86_64-debian-clang, r-devel-linux-x86_64-debian-gcc, r-devel-linux-x86_64-fedora-clang, r-devel-linux-x86_64-fedora-gcc, r-devel-windows-x86_64, r-patched-linux-x86_64, r-release-linux-x86_64, r-release-macos-arm64, r-release-macos-x86_64, r-release-windows-x86_64, r-oldrel-macos-arm64, r-oldrel-macos-x86_64, r-oldrel-windows-ix86+x86_64