Last updated on 2022-08-15 08:49:59 CEST.
Flavor | Version | Tinstall | Tcheck | Ttotal | Status | Flags |
---|---|---|---|---|---|---|
r-devel-linux-x86_64-debian-clang | 0.4.2 | 12.16 | 131.37 | 143.53 | OK | |
r-devel-linux-x86_64-debian-gcc | 0.4.2 | 10.41 | 96.73 | 107.14 | OK | |
r-devel-linux-x86_64-fedora-clang | 0.4.2 | 209.51 | NOTE | |||
r-devel-linux-x86_64-fedora-gcc | 0.4.2 | 216.11 | OK | |||
r-devel-windows-x86_64 | 0.4.2 | 1593.00 | 410.00 | 2003.00 | NOTE | |
r-patched-linux-x86_64 | 0.4.2 | 11.84 | 122.70 | 134.54 | OK | |
r-release-linux-x86_64 | 0.4.2 | 11.82 | 125.71 | 137.53 | OK | |
r-release-macos-arm64 | 0.4.2 | 65.00 | NOTE | |||
r-release-macos-x86_64 | 0.4.2 | 95.00 | NOTE | |||
r-release-windows-x86_64 | 0.4.2 | 1489.00 | 364.00 | 1853.00 | NOTE | |
r-oldrel-macos-arm64 | 0.4.2 | 61.00 | NOTE | |||
r-oldrel-macos-x86_64 | 0.4.2 | 92.00 | NOTE | |||
r-oldrel-windows-ix86+x86_64 | 0.4.2 | 68.00 | 338.00 | 406.00 | NOTE |
Version: 0.4.2
Check: installed package size
Result: NOTE
installed size is 5.6Mb
sub-directories of 1Mb or more:
doc 5.4Mb
Flavors: r-devel-linux-x86_64-fedora-clang, r-devel-windows-x86_64, r-release-macos-arm64, r-release-macos-x86_64, r-release-windows-x86_64, r-oldrel-macos-arm64, r-oldrel-macos-x86_64, r-oldrel-windows-ix86+x86_64