Last updated on 2022-08-15 08:49:59 CEST.
Flavor | Version | Tinstall | Tcheck | Ttotal | Status | Flags |
---|---|---|---|---|---|---|
r-devel-linux-x86_64-debian-clang | 0.4.1 | 3.81 | 50.03 | 53.84 | NOTE | |
r-devel-linux-x86_64-debian-gcc | 0.4.1 | 3.87 | 37.26 | 41.13 | NOTE | |
r-devel-linux-x86_64-fedora-clang | 0.4.1 | 76.22 | NOTE | |||
r-devel-linux-x86_64-fedora-gcc | 0.4.1 | 74.06 | NOTE | |||
r-devel-windows-x86_64 | 0.4.1 | 21.00 | 72.00 | 93.00 | NOTE | |
r-patched-linux-x86_64 | 0.4.1 | 5.50 | 46.53 | 52.03 | NOTE | |
r-release-linux-x86_64 | 0.4.1 | 4.77 | 46.73 | 51.50 | NOTE | |
r-release-macos-arm64 | 0.4.1 | 20.00 | NOTE | |||
r-release-macos-x86_64 | 0.4.1 | 39.00 | NOTE | |||
r-release-windows-x86_64 | 0.4.1 | 17.00 | 71.00 | 88.00 | NOTE | |
r-oldrel-macos-arm64 | 0.4.1 | 28.00 | NOTE | |||
r-oldrel-macos-x86_64 | 0.4.1 | 37.00 | NOTE | |||
r-oldrel-windows-ix86+x86_64 | 0.4.1 | 12.00 | 63.00 | 75.00 | NOTE |
Version: 0.4.1
Check: LazyData
Result: NOTE
'LazyData' is specified without a 'data' directory
Flavors: r-devel-linux-x86_64-debian-clang, r-devel-linux-x86_64-debian-gcc, r-devel-linux-x86_64-fedora-clang, r-devel-linux-x86_64-fedora-gcc, r-devel-windows-x86_64, r-patched-linux-x86_64, r-release-linux-x86_64, r-release-macos-arm64, r-release-macos-x86_64, r-release-windows-x86_64, r-oldrel-macos-arm64, r-oldrel-macos-x86_64, r-oldrel-windows-ix86+x86_64