Last updated on 2022-08-15 08:49:59 CEST.
Flavor | Version | Tinstall | Tcheck | Ttotal | Status | Flags |
---|---|---|---|---|---|---|
r-devel-linux-x86_64-debian-clang | 1.1.5 | 482.95 | 231.09 | 714.04 | NOTE | |
r-devel-linux-x86_64-debian-gcc | 1.1.5 | 388.36 | 189.86 | 578.22 | NOTE | |
r-devel-linux-x86_64-fedora-clang | 1.1.5 | 858.61 | NOTE | |||
r-devel-linux-x86_64-fedora-gcc | 1.1.5 | 1014.15 | NOTE | |||
r-devel-windows-x86_64 | 1.1.5 | 916.00 | 297.00 | 1213.00 | NOTE | |
r-patched-linux-x86_64 | 1.1.5 | 402.39 | 240.63 | 643.02 | NOTE | |
r-release-linux-x86_64 | 1.1.5 | 321.66 | 241.94 | 563.60 | NOTE | |
r-release-macos-arm64 | 1.1.5 | 239.00 | NOTE | |||
r-release-macos-x86_64 | 1.1.5 | 385.00 | NOTE | |||
r-release-windows-x86_64 | 1.1.5 | 360.00 | 292.00 | 652.00 | NOTE | |
r-oldrel-macos-arm64 | 1.1.5 | 255.00 | NOTE | |||
r-oldrel-macos-x86_64 | 1.1.5 | 282.00 | NOTE | |||
r-oldrel-windows-ix86+x86_64 | 1.1.5 | 902.00 | 9.00 | 911.00 | ERROR |
Version: 1.1.5
Check: for GNU extensions in Makefiles
Result: NOTE
GNU make is a SystemRequirements.
Flavors: r-devel-linux-x86_64-debian-clang, r-devel-linux-x86_64-debian-gcc, r-devel-linux-x86_64-fedora-clang, r-devel-linux-x86_64-fedora-gcc, r-devel-windows-x86_64, r-patched-linux-x86_64, r-release-linux-x86_64, r-release-macos-arm64, r-release-macos-x86_64, r-release-windows-x86_64, r-oldrel-macos-arm64, r-oldrel-macos-x86_64
Version: 1.1.5
Check: installed package size
Result: NOTE
installed size is 6.2Mb
sub-directories of 1Mb or more:
libs 5.0Mb
Flavors: r-devel-linux-x86_64-fedora-clang, r-devel-windows-x86_64, r-release-macos-arm64, r-release-macos-x86_64, r-release-windows-x86_64, r-oldrel-macos-arm64, r-oldrel-macos-x86_64
Version: 1.1.5
Check: whether package can be installed
Result: ERROR
Installation failed.
Flavor: r-oldrel-windows-ix86+x86_64