Last updated on 2022-08-15 08:49:59 CEST.
Flavor | Version | Tinstall | Tcheck | Ttotal | Status | Flags |
---|---|---|---|---|---|---|
r-devel-linux-x86_64-debian-clang | 0.1.2 | 2.03 | 22.52 | 24.55 | NOTE | |
r-devel-linux-x86_64-debian-gcc | 0.1.2 | 1.56 | 17.75 | 19.31 | NOTE | |
r-devel-linux-x86_64-fedora-clang | 0.1.2 | 41.09 | NOTE | |||
r-devel-linux-x86_64-fedora-gcc | 0.1.2 | 63.03 | NOTE | |||
r-devel-windows-x86_64 | 0.1.2 | 43.00 | 46.00 | 89.00 | NOTE | |
r-patched-linux-x86_64 | 0.1.2 | 2.02 | 22.35 | 24.37 | NOTE | |
r-release-linux-x86_64 | 0.1.2 | 1.66 | 22.33 | 23.99 | NOTE | |
r-release-macos-arm64 | 0.1.2 | 29.00 | NOTE | |||
r-release-macos-x86_64 | 0.1.2 | 34.00 | NOTE | |||
r-release-windows-x86_64 | 0.1.2 | 13.00 | 47.00 | 60.00 | NOTE | |
r-oldrel-macos-arm64 | 0.1.2 | 46.00 | NOTE | |||
r-oldrel-macos-x86_64 | 0.1.2 | 100.00 | NOTE | |||
r-oldrel-windows-ix86+x86_64 | 0.1.2 | 4.00 | 38.00 | 42.00 | NOTE |
Version: 0.1.2
Check: LazyData
Result: NOTE
'LazyData' is specified without a 'data' directory
Flavors: r-devel-linux-x86_64-debian-clang, r-devel-linux-x86_64-debian-gcc, r-devel-linux-x86_64-fedora-clang, r-devel-linux-x86_64-fedora-gcc, r-devel-windows-x86_64, r-patched-linux-x86_64, r-release-linux-x86_64, r-release-macos-arm64, r-release-macos-x86_64, r-release-windows-x86_64, r-oldrel-macos-arm64, r-oldrel-macos-x86_64, r-oldrel-windows-ix86+x86_64