Last updated on 2022-08-15 08:49:59 CEST.
Flavor | Version | Tinstall | Tcheck | Ttotal | Status | Flags |
---|---|---|---|---|---|---|
r-devel-linux-x86_64-debian-clang | 0.7.3 | 29.81 | 53.48 | 83.29 | OK | |
r-devel-linux-x86_64-debian-gcc | 0.7.3 | 25.46 | 40.44 | 65.90 | OK | |
r-devel-linux-x86_64-fedora-clang | 0.7.3 | 111.57 | OK | |||
r-devel-linux-x86_64-fedora-gcc | 0.7.3 | 112.85 | OK | |||
r-devel-windows-x86_64 | 0.7.3 | 194.00 | 97.00 | 291.00 | OK | |
r-patched-linux-x86_64 | 0.7.3 | 28.82 | 52.28 | 81.10 | OK | |
r-release-linux-x86_64 | 0.7.3 | 25.94 | 51.74 | 77.68 | OK | |
r-release-macos-arm64 | 0.7.3 | 38.00 | OK | |||
r-release-macos-x86_64 | 0.7.3 | 52.00 | OK | |||
r-release-windows-x86_64 | 0.7.3 | 200.00 | 92.00 | 292.00 | OK | |
r-oldrel-macos-arm64 | 0.7.3 | 38.00 | NOTE | |||
r-oldrel-macos-x86_64 | 0.7.3 | 51.00 | OK | |||
r-oldrel-windows-ix86+x86_64 | 0.7.3 | 117.00 | 95.00 | 212.00 | NOTE |
Version: 0.7.3
Check: installed package size
Result: NOTE
installed size is 8.2Mb
sub-directories of 1Mb or more:
libs 7.1Mb
Flavors: r-oldrel-macos-arm64, r-oldrel-windows-ix86+x86_64