Last updated on 2022-08-15 08:49:59 CEST.
Flavor | Version | Tinstall | Tcheck | Ttotal | Status | Flags |
---|---|---|---|---|---|---|
r-devel-linux-x86_64-debian-clang | 4.0.1 | 161.61 | 566.01 | 727.62 | OK | |
r-devel-linux-x86_64-debian-gcc | 4.0.1 | 131.31 | 405.76 | 537.07 | OK | |
r-devel-linux-x86_64-fedora-clang | 4.0.1 | 871.40 | OK | |||
r-devel-linux-x86_64-fedora-gcc | 4.0.1 | 921.61 | OK | |||
r-devel-windows-x86_64 | 4.0.1 | 583.00 | 605.00 | 1188.00 | NOTE | |
r-patched-linux-x86_64 | 4.0.1 | 155.80 | 527.60 | 683.40 | OK | |
r-release-linux-x86_64 | 4.0.1 | 144.32 | 528.55 | 672.87 | OK | |
r-release-macos-arm64 | 4.0.1 | 199.00 | NOTE | |||
r-release-macos-x86_64 | 4.0.1 | 308.00 | NOTE | |||
r-release-windows-x86_64 | 4.0.1 | 431.00 | 606.00 | 1037.00 | NOTE | |
r-oldrel-macos-arm64 | 4.0.1 | 208.00 | NOTE | |||
r-oldrel-macos-x86_64 | 4.0.1 | 293.00 | NOTE | |||
r-oldrel-windows-ix86+x86_64 | 4.0.1 | 346.00 | 1005.00 | 1351.00 | NOTE |
Version: 4.0.1
Check: installed package size
Result: NOTE
installed size is 5.6Mb
sub-directories of 1Mb or more:
R 1.2Mb
doc 1.0Mb
extdata 1.1Mb
libs 1.7Mb
Flavors: r-devel-windows-x86_64, r-release-macos-arm64, r-release-macos-x86_64, r-release-windows-x86_64, r-oldrel-macos-arm64, r-oldrel-macos-x86_64, r-oldrel-windows-ix86+x86_64