Last updated on 2022-08-15 08:49:59 CEST.
Flavor | Version | Tinstall | Tcheck | Ttotal | Status | Flags |
---|---|---|---|---|---|---|
r-devel-linux-x86_64-debian-clang | 3.3.2 | 381.27 | 174.17 | 555.44 | OK | |
r-devel-linux-x86_64-debian-gcc | 3.3.2 | 316.52 | 244.95 | 561.47 | OK | |
r-devel-linux-x86_64-fedora-clang | 3.3.2 | 1028.61 | NOTE | |||
r-devel-linux-x86_64-fedora-gcc | 3.3.2 | 738.70 | OK | |||
r-devel-windows-x86_64 | 3.3.2 | 357.00 | 188.00 | 545.00 | OK | |
r-patched-linux-x86_64 | 3.3.2 | 333.53 | 186.68 | 520.21 | OK | |
r-release-linux-x86_64 | 3.3.2 | 340.48 | 179.51 | 519.99 | OK | |
r-release-macos-arm64 | 3.3.2 | 215.00 | NOTE | |||
r-release-macos-x86_64 | 3.3.2 | 260.00 | NOTE | |||
r-release-windows-x86_64 | 3.3.2 | 376.00 | 201.00 | 577.00 | OK | |
r-oldrel-macos-arm64 | 3.3.2 | 234.00 | NOTE | |||
r-oldrel-macos-x86_64 | 3.3.2 | 277.00 | NOTE | |||
r-oldrel-windows-ix86+x86_64 | 3.3.2 | 788.00 | 249.00 | 1037.00 | NOTE |
Version: 3.3.2
Check: installed package size
Result: NOTE
installed size is 5.8Mb
sub-directories of 1Mb or more:
libs 5.2Mb
Flavors: r-devel-linux-x86_64-fedora-clang, r-release-macos-arm64, r-release-macos-x86_64, r-oldrel-macos-arm64, r-oldrel-macos-x86_64, r-oldrel-windows-ix86+x86_64